000
CDUS44 KJAN 232111
CLIGWO


CLIMATE REPORT
NATIONAL WEATHER SERVICE JACKSON MS
410 PM CDT WED MAY 23 2018


...................................

...THE GREENWOOD CLIMATE SUMMARY FOR MAY 23 2018...
VALID TODAY AS OF 0400 PM LOCAL TIME.

CLIMATE NORMAL PERIOD 1981 TO 2010
CLIMATE RECORD PERIOD 1948 TO 2018


WEATHER ITEM   OBSERVED TIME   RECORD YEAR NORMAL DEPARTURE LAST
                VALUE   (LST)  VALUE       VALUE  FROM      YEAR
                                                  NORMAL
..................................................................
TEMPERATURE (F)
 TODAY
  MAXIMUM         91    259 PM  96    1996  85      6       77
                                      1969
  MINIMUM         69    520 AM  49    1963  63      6       64
  AVERAGE         80                        74      6       71

PRECIPITATION (IN)
  TODAY            0.00          1.21 2009   0.16  -0.16     0.08
  MONTH TO DATE    3.87                      3.78   0.09     2.00
  SINCE MAR 1     15.21                     13.22   1.99    11.93
  SINCE JAN 1     31.81                     22.16   9.65    20.21

SNOWFALL (IN)
  TODAY            0.0

DEGREE DAYS
 HEATING
  TODAY            0                         0      0        0
  MONTH TO DATE    0                        15    -15       20
  SINCE MAR 1    447                       455     -8      295
  SINCE JUL 1   2501                      2686   -185     1778

 COOLING
  TODAY           15                         9      6        6
  MONTH TO DATE  265                       148    117      146
  SINCE MAR 1    311                       245     66      346
  SINCE JAN 1    350                       250    100      380
..................................................................


WIND (MPH)
  HIGHEST WIND SPEED     7   HIGHEST WIND DIRECTION    NE (50)
  HIGHEST GUST SPEED     9   HIGHEST GUST DIRECTION    NE (60)
  AVERAGE WIND SPEED     1.8


SKY COVER
  POSSIBLE SUNSHINE  MM
  AVERAGE SKY COVER 0.1


WEATHER CONDITIONS
 THE FOLLOWING WEATHER WAS RECORDED TODAY.
  NO SIGNIFICANT WEATHER WAS OBSERVED.


RELATIVE HUMIDITY (PERCENT)
 HIGHEST    97           100 AM
 LOWEST     50           100 PM
 AVERAGE    74

..........................................................


THE GREENWOOD CLIMATE NORMALS FOR TOMORROW
                         NORMAL    RECORD    YEAR
 MAXIMUM TEMPERATURE (F)   85        95      1996
                                             1970
 MINIMUM TEMPERATURE (F)   63        49      1951


SUNRISE AND SUNSET
MAY 23 2018...........SUNRISE   555 AM CDT   SUNSET   800 PM CDT
MAY 24 2018...........SUNRISE   554 AM CDT   SUNSET   800 PM CDT


-  INDICATES NEGATIVE NUMBERS.
R  INDICATES RECORD WAS SET OR TIED.
MM INDICATES DATA IS MISSING.
T  INDICATES TRACE AMOUNT.




$$
