000
CDUS41 KGYX 220802
CLIGYX


CLIMATE REPORT
NATIONAL WEATHER SERVICE GRAY ME
401 AM EDT SUN APR 22 2018


...................................

...THE GRAY ME CLIMATE SUMMARY FOR APRIL 21 2018...

CLIMATE NORMAL PERIOD 1981 TO 2010
CLIMATE RECORD PERIOD 1995 TO 2018


WEATHER ITEM   OBSERVED TIME   RECORD YEAR NORMAL DEPARTURE LAST
                VALUE   (LST)  VALUE       VALUE  FROM      YEAR
                                                  NORMAL
..................................................................
TEMPERATURE (F)
 YESTERDAY
  MAXIMUM         54        MM  MM      MM  56     -2       43
  MINIMUM         34        MM  MM      MM  37     -3       35
  AVERAGE         44                        47     -3       39

PRECIPITATION (IN)
  YESTERDAY        0.00         MM      MM   0.13  -0.13     0.34
  MONTH TO DATE    3.11                      3.08   0.03     3.31
  SINCE MAR 1      5.63                      7.25  -1.62     6.13
  SINCE JAN 1     12.80                     14.09  -1.29    12.81

SNOWFALL (IN)
  YESTERDAY        0.0          MM      MM   0.1   -0.1      0.0
  MONTH TO DATE    2.4                       4.3   -1.9     11.0
  SINCE MAR 1     27.0                      24.2    2.8     34.1
  SINCE JUL 1     96.9                      83.3   13.6    123.9
  SNOW DEPTH       0

DEGREE DAYS
 HEATING
  YESTERDAY       21                        18      3       26
  MONTH TO DATE  583                       474    109      413
  SINCE MAR 1   1569                      1467    102     1576
  SINCE JUL 1   6460                      6625   -165     6270

 COOLING
  YESTERDAY        0                         0      0        0
  MONTH TO DATE    0                         0      0        2
  SINCE MAR 1      0                         0      0        2
  SINCE JAN 1      0                         0      0        2
..................................................................







THE GRAY ME CLIMATE NORMALS FOR TODAY
                         NORMAL
 MAXIMUM TEMPERATURE (F)   57
 MINIMUM TEMPERATURE (F)   38


SUNRISE AND SUNSET
APRIL 22 2018.........SUNRISE   547 AM EDT   SUNSET   733 PM EDT
APRIL 23 2018.........SUNRISE   545 AM EDT   SUNSET   734 PM EDT


-  INDICATES NEGATIVE NUMBERS.
R  INDICATES RECORD WAS SET OR TIED.
MM INDICATES DATA IS MISSING.
T  INDICATES TRACE AMOUNT.




$$
