000
CDUS46 KPQR 272321
CLIHIO


CLIMATE REPORT
NATIONAL WEATHER SERVICE PORTLAND OREGON
421 PM PDT SUN MAY 27 2018


...................................

...THE HILLSBORO OR CLIMATE SUMMARY FOR MAY 27 2018...
VALID TODAY AS OF 0400 PM LOCAL TIME.

CLIMATE NORMAL PERIOD 1981 TO 2010
CLIMATE RECORD PERIOD 1929 TO 2018


WEATHER ITEM   OBSERVED TIME   RECORD YEAR NORMAL DEPARTURE LAST
                VALUE   (LST)  VALUE       VALUE  FROM      YEAR
                                                  NORMAL
..................................................................
TEMPERATURE (F)
 TODAY
  MAXIMUM         77    259 PM  94    2005  70      7       89
  MINIMUM         43    408 AM  33    1966  46     -3       50
  AVERAGE         60                        58      2       70

PRECIPITATION (IN)
  TODAY            0.00                      0.07  -0.07     0.00
  MONTH TO DATE    0.10                      2.05  -1.95     1.76
  SINCE OCT 1     25.83                     35.65  -9.82    46.13
  SINCE JAN 1     13.53                     19.26  -5.73    26.45

DEGREE DAYS
 HEATING
  TODAY            5                                         0
  MONTH TO DATE  126                                       217
  SINCE MAR 1   1150                                      1236
  SINCE JUL 1   4376                                      4765

 COOLING
  TODAY            0                                         5
  MONTH TO DATE   12                                        26
  SINCE MAR 1     16                                        26
  SINCE JAN 1     16                                        26
..................................................................


WIND (MPH)
  HIGHEST WIND SPEED     8   HIGHEST WIND DIRECTION     N (10)
  HIGHEST GUST SPEED    12   HIGHEST GUST DIRECTION     N (20)
  AVERAGE WIND SPEED     1.9


SKY COVER
  POSSIBLE SUNSHINE  MM
  AVERAGE SKY COVER 0.0


WEATHER CONDITIONS
 THE FOLLOWING WEATHER WAS RECORDED TODAY.
  NO SIGNIFICANT WEATHER WAS OBSERVED.


RELATIVE HUMIDITY (PERCENT)
 HIGHEST    93           600 AM
 LOWEST     40           300 PM
 AVERAGE    67

..........................................................


THE HILLSBORO OR CLIMATE NORMALS FOR TOMORROW
                         NORMAL    RECORD    YEAR
 MAXIMUM TEMPERATURE (F)   70       100      1983
 MINIMUM TEMPERATURE (F)   46        34      1979


SUNRISE AND SUNSET
MAY 27 2018...........SUNRISE   530 AM PDT   SUNSET   849 PM PDT
MAY 28 2018...........SUNRISE   529 AM PDT   SUNSET   850 PM PDT


-  INDICATES NEGATIVE NUMBERS.
R  INDICATES RECORD WAS SET OR TIED.
MM INDICATES DATA IS MISSING.
T  INDICATES TRACE AMOUNT.




$$
