000
CDUS44 KHUN 220740
CLIHSV


CLIMATE REPORT
NATIONAL WEATHER SERVICE HUNTSVILLE AL
240 AM CDT SUN APR 22 2018


...................................

...THE HUNTSVILLE CLIMATE SUMMARY FOR APRIL 21 2018...

CLIMATE NORMAL PERIOD 1981 TO 2010
CLIMATE RECORD PERIOD 1894 TO 2018


WEATHER ITEM   OBSERVED TIME   RECORD YEAR NORMAL DEPARTURE LAST
                VALUE   (LST)  VALUE       VALUE  FROM      YEAR
                                                  NORMAL
..................................................................
TEMPERATURE (F)
 YESTERDAY
  MAXIMUM         76    432 PM  90    2002  75      1       88
  MINIMUM         42    445 AM  30    1983  52    -10       65
                                      1953
  AVERAGE         59                        63     -4       77

PRECIPITATION (IN)
  YESTERDAY        0.00          2.72 1990   0.14  -0.14     0.02
  MONTH TO DATE    5.76                      2.99   2.77     2.00
  SINCE MAR 1      9.07                      8.20   0.87     5.91
  SINCE JAN 1     19.48                     17.93   1.55    14.78

SNOWFALL (IN)
  YESTERDAY        0.0
  MONTH TO DATE    0.0
  SINCE MAR 1      T
  SINCE JUL 1      0.4
  SNOW DEPTH       0

DEGREE DAYS
 HEATING
  YESTERDAY        6                         4      2        0
  MONTH TO DATE  189                       127     62       41
  SINCE MAR 1    584                       495     89      353
  SINCE JUL 1   2869                      2947    -78     1920

 COOLING
  YESTERDAY        0                         2     -2       12
  MONTH TO DATE   13                        33    -20      105
  SINCE MAR 1     17                        46    -29      130
  SINCE JAN 1     52                        47      5      135
..................................................................


WIND (MPH)
  HIGHEST WIND SPEED    17   HIGHEST WIND DIRECTION    SE (120)
  HIGHEST GUST SPEED    24   HIGHEST GUST DIRECTION    SE (130)
  AVERAGE WIND SPEED     8.5


SKY COVER
  POSSIBLE SUNSHINE  MM
  AVERAGE SKY COVER 0.6


WEATHER CONDITIONS
 THE FOLLOWING WEATHER WAS RECORDED YESTERDAY.
  NO SIGNIFICANT WEATHER WAS OBSERVED.


RELATIVE HUMIDITY (PERCENT)
 HIGHEST    89           400 AM
 LOWEST     29           100 PM
 AVERAGE    59

..........................................................


THE HUNTSVILLE CLIMATE NORMALS FOR TODAY
                         NORMAL    RECORD    YEAR
 MAXIMUM TEMPERATURE (F)   75        95      1925
 MINIMUM TEMPERATURE (F)   52        34      1993


SUNRISE AND SUNSET
APRIL 22 2018.........SUNRISE   607 AM CDT   SUNSET   725 PM CDT
APRIL 23 2018.........SUNRISE   606 AM CDT   SUNSET   726 PM CDT


-  INDICATES NEGATIVE NUMBERS.
R  INDICATES RECORD WAS SET OR TIED.
MM INDICATES DATA IS MISSING.
T  INDICATES TRACE AMOUNT.




$$
