166
CDUS45 KTFX 202240
CLIHVR


CLIMATE REPORT
NATIONAL WEATHER SERVICE GREAT FALLS MT
440 PM MDT FRI APR 20 2018


...................................

...THE HAVRE MT CLIMATE SUMMARY FOR APRIL 20 2018...
VALID TODAY AS OF 0400 PM LOCAL TIME.

CLIMATE NORMAL PERIOD 1981 TO 2010
CLIMATE RECORD PERIOD 1880 TO 2018


WEATHER ITEM   OBSERVED TIME   RECORD YEAR NORMAL DEPARTURE LAST
                VALUE   (LST)  VALUE       VALUE  FROM      YEAR
                                                  NORMAL
..................................................................
TEMPERATURE (F)
 TODAY
  MAXIMUM         65    258 PM  91    1980  60      5       70
  MINIMUM         31    534 AM  12    2008  32     -1       29
  AVERAGE         48                        46      2       50

PRECIPITATION (IN)
  TODAY            0.00          1.49 1973   0.03  -0.03     0.00
  MONTH TO DATE    0.54                      0.49   0.05     0.55
  SINCE OCT 1      6.89                      3.05   3.84     6.07
  SINCE JAN 1      3.37                      1.64   1.73     2.08

DEGREE DAYS
 HEATING
  TODAY           17                        19     -2       15
  MONTH TO DATE  693                       443    250      386
  SINCE MAR 1   2053                      1441    612     1298
  SINCE JUL 1   8845                      7561   1284     7297

 COOLING
  TODAY            0                         0      0        0
  MONTH TO DATE    0                         0      0        0
  SINCE MAR 1      0                         0      0        0
  SINCE JAN 1      0                         0      0        0
..................................................................


WIND (MPH)
  HIGHEST WIND SPEED    15   HIGHEST WIND DIRECTION     W (270)
  HIGHEST GUST SPEED    19   HIGHEST GUST DIRECTION    SW (240)
  AVERAGE WIND SPEED     8.5


SKY COVER
  AVERAGE SKY COVER 0.1


WEATHER CONDITIONS
 THE FOLLOWING WEATHER WAS RECORDED TODAY.
  NO SIGNIFICANT WEATHER WAS OBSERVED.


RELATIVE HUMIDITY (PERCENT)
 HIGHEST   100           500 AM
 LOWEST     22           200 PM
 AVERAGE    61

..........................................................


THE HAVRE MT CLIMATE NORMALS FOR TOMORROW
                         NORMAL    RECORD    YEAR
 MAXIMUM TEMPERATURE (F)   60        85      1942
 MINIMUM TEMPERATURE (F)   32        -3      1967


SUNRISE AND SUNSET
APRIL 20 2018.........SUNRISE   619 AM MDT   SUNSET   818 PM MDT
APRIL 21 2018.........SUNRISE   617 AM MDT   SUNSET   819 PM MDT


-  INDICATES NEGATIVE NUMBERS.
R  INDICATES RECORD WAS SET OR TIED.
MM INDICATES DATA IS MISSING.
T  INDICATES TRACE AMOUNT.




$$
