000
CDUS45 KVEF 280826
CLIIGM


CLIMATE REPORT
NATIONAL WEATHER SERVICE LAS VEGAS, NV
126 AM PDT MON MAY 28 2018


...................................

...THE KINGMAN AZ CLIMATE SUMMARY FOR MAY 27 2018...

CLIMATE NORMAL PERIOD 1981 TO 2010
CLIMATE RECORD PERIOD 1901 TO 2018


WEATHER ITEM   OBSERVED TIME   RECORD YEAR NORMAL DEPARTURE LAST
                VALUE   (LST)  VALUE       VALUE  FROM      YEAR
                                                  NORMAL
..................................................................
TEMPERATURE (F)
 YESTERDAY
  MAXIMUM         85    311 PM 105    2003  88     -3       87
  MINIMUM         50    539 AM  36    1942  56     -6       51
  AVERAGE         68                        72     -4       69

PRECIPITATION (IN)
  YESTERDAY        0.00          0.28 1907   0.00   0.00     0.00
  MONTH TO DATE    0.00                      0.12  -0.12     0.19
  SINCE OCT 1      1.31                      5.55  -4.24     6.45
  SINCE JAN 1      1.31                      3.45  -2.14     2.89

DEGREE DAYS
 HEATING
  YESTERDAY        0                         1     -1        0
  MONTH TO DATE   29                        52    -23       85
  SINCE MAR 1    494                       685   -191      494
  SINCE JUL 1   2272                      3098   -826     2491

 COOLING
  YESTERDAY        3                         8     -5        4
  MONTH TO DATE  152                       135     17      104
  SINCE MAR 1    231                       166     65      119
  SINCE JAN 1    231                       166     65      119
..................................................................


WIND (MPH)
  RESULTANT WIND SPEED   3   RESULTANT WIND DIRECTION   S (200)
  HIGHEST WIND SPEED    16   HIGHEST WIND DIRECTION    SW (240)
  HIGHEST GUST SPEED    21   HIGHEST GUST DIRECTION    SW (230)
  AVERAGE WIND SPEED     6.0


SKY COVER
  POSSIBLE SUNSHINE  MM
  AVERAGE SKY COVER 0.0


WEATHER CONDITIONS
 THE FOLLOWING WEATHER WAS RECORDED YESTERDAY.
  NO SIGNIFICANT WEATHER WAS OBSERVED.


RELATIVE HUMIDITY (PERCENT)
 HIGHEST    44           600 AM
 LOWEST     15           300 PM
 AVERAGE    30

..........................................................


THE KINGMAN AZ CLIMATE NORMALS FOR TODAY
                         NORMAL    RECORD    YEAR
 MAXIMUM TEMPERATURE (F)   89       104      2003
 MINIMUM TEMPERATURE (F)   56        35      1918


SUNRISE AND SUNSET
MAY 28 2018...........SUNRISE   524 AM MST   SUNSET   743 PM MST
MAY 29 2018...........SUNRISE   523 AM MST   SUNSET   743 PM MST


-  INDICATES NEGATIVE NUMBERS.
R  INDICATES RECORD WAS SET OR TIED.
MM INDICATES DATA IS MISSING.
T  INDICATES TRACE AMOUNT.




$$
