000
CDUS43 KILX 212129
CLIILX


CLIMATE REPORT
NATIONAL WEATHER SERVICE LINCOLN IL
428 PM CDT MON MAY 21 2018


...................................

...THE LINCOLN IL CLIMATE SUMMARY FOR MAY 21 2018...
VALID TODAY AS OF 0400 PM LOCAL TIME.

CLIMATE NORMAL PERIOD 1981 TO 2010
CLIMATE RECORD PERIOD 1905 TO 2018


WEATHER ITEM   OBSERVED TIME   RECORD YEAR NORMAL DEPARTURE LAST
                VALUE   (LST)  VALUE       VALUE  FROM      YEAR
                                                  NORMAL
..................................................................
TEMPERATURE (F)
 TODAY
  MAXIMUM         77        MM  96    1934  76      1       67
  MINIMUM         58        MM  30    1929  54      4       51
  AVERAGE         68                        65      3       59

PRECIPITATION (IN)
  TODAY            0.03          1.16 1984   0.14  -0.11     0.03
  MONTH TO DATE    0.63                      2.80  -2.17     3.03
  SINCE MAR 1      7.41                      9.01  -1.60    13.04
  SINCE JAN 1     12.93                     12.76   0.17    15.69

SNOWFALL (IN)
  TODAY            0.0           T    1950   0.0    0.0      0.0
  MONTH TO DATE    0.0                       0.0    0.0      0.0
  SINCE MAR 1      7.4                       2.0    5.4      3.7
  SINCE JUL 1     17.3                      20.5   -3.2     10.9
  SNOW DEPTH       0

DEGREE DAYS
 HEATING
  TODAY            0                         3     -3        6
  MONTH TO DATE    4                       112   -108      134
  SINCE MAR 1   1449                      1244    205     1087
  SINCE JUL 1   5849                      5667    182     4695

 COOLING
  TODAY            3                         3      0        0
  MONTH TO DATE  100                        37     63       53
  SINCE MAR 1    104                        52     52       67
  SINCE JAN 1    104                        52     52       67
..................................................................







THE LINCOLN IL CLIMATE NORMALS FOR TOMORROW
                         NORMAL    RECORD    YEAR
 MAXIMUM TEMPERATURE (F)   76        95      1925
 MINIMUM TEMPERATURE (F)   54        32      1924


SUNRISE AND SUNSET
MAY 21 2018...........SUNRISE   537 AM CDT   SUNSET   812 PM CDT
MAY 22 2018...........SUNRISE   536 AM CDT   SUNSET   813 PM CDT


-  INDICATES NEGATIVE NUMBERS.
R  INDICATES RECORD WAS SET OR TIED.
MM INDICATES DATA IS MISSING.
T  INDICATES TRACE AMOUNT.




$$
