000
CDUS45 KFGZ 240740
CLIINW


CLIMATE REPORT
NATIONAL WEATHER SERVICE FLAGSTAFF, AZ
1239 AM MST TUE APR 24 2018


...................................

...THE WINSLOW AZ AIRPORT CLIMATE SUMMARY FOR APRIL 23 2018...

CLIMATE NORMAL PERIOD 1981 TO 2010
CLIMATE RECORD PERIOD 1915 TO 2018


WEATHER ITEM   OBSERVED TIME   RECORD YEAR NORMAL DEPARTURE LAST
                VALUE   (LST)  VALUE       VALUE  FROM      YEAR
                                                  NORMAL
..................................................................
TEMPERATURE (F)
 YESTERDAY
  MAXIMUM         86    321 PM  90    2012  74     12       85
  MINIMUM         40    550 AM  24    1963  39      1       39
  AVERAGE         63                        56      7       62

PRECIPITATION (IN)
  YESTERDAY        0.00          0.95 1942   0.00   0.00     0.00
  MONTH TO DATE    0.08                      0.21  -0.13     0.11
  SINCE SEP 1      0.54                      4.21  -3.67     4.82
  SINCE JAN 1      0.31                      1.73  -1.42     1.74

DEGREE DAYS
 HEATING
  YESTERDAY        2                         9     -7        3
  MONTH TO DATE  191                       274    -83      223
  SINCE JUL 1   3784                      4327   -543     3429

 COOLING
  YESTERDAY        0                         0      0        0
  MONTH TO DATE    7                         0      7        0
  SINCE JAN 1      7                         0      7        0
..................................................................


WIND (MPH)
  HIGHEST WIND SPEED    22   HIGHEST WIND DIRECTION     W (260)
  HIGHEST GUST SPEED    28   HIGHEST GUST DIRECTION     W (260)
  AVERAGE WIND SPEED     8.2


SKY COVER
  POSSIBLE SUNSHINE  MM
  AVERAGE SKY COVER 0.0


WEATHER CONDITIONS
 THE FOLLOWING WEATHER WAS RECORDED YESTERDAY.
  NO SIGNIFICANT WEATHER WAS OBSERVED.


RELATIVE HUMIDITY (PERCENT)
 HIGHEST    36           500 AM
 LOWEST      8           400 PM
 AVERAGE    22

..........................................................


THE WINSLOW AZ AIRPORT CLIMATE NORMALS FOR TODAY
                         NORMAL    RECORD    YEAR
 MAXIMUM TEMPERATURE (F)   74        89      2012
                                             1996
                                             1949
 MINIMUM TEMPERATURE (F)   39        23      1923


SUNRISE AND SUNSET
APRIL 24 2018.........SUNRISE   540 AM MST   SUNSET   703 PM MST
APRIL 25 2018.........SUNRISE   539 AM MST   SUNSET   704 PM MST


-  INDICATES NEGATIVE NUMBERS.
R  INDICATES RECORD WAS SET OR TIED.
MM INDICATES DATA IS MISSING.
T  INDICATES TRACE AMOUNT.




$$
