000
CDUS44 KJAN 232204
CLIJAN


CLIMATE REPORT
NATIONAL WEATHER SERVICE JACKSON MS
503 PM CDT WED MAY 23 2018


...................................

...THE JACKSON CLIMATE SUMMARY FOR MAY 23 2018...
VALID AS OF 0500 PM LOCAL TIME.

CLIMATE NORMAL PERIOD 1981 TO 2010
CLIMATE RECORD PERIOD 1896 TO 2018


WEATHER ITEM   OBSERVED TIME   RECORD YEAR NORMAL DEPARTURE LAST
                VALUE   (LST)  VALUE       VALUE  FROM      YEAR
                                                  NORMAL
..................................................................
TEMPERATURE (F)
 TODAY
  MAXIMUM         90    359 PM  95    1950  85      5       76
                                      1948
                                      1941
  MINIMUM         68    519 AM  49    2002  64      4       64
  AVERAGE         79                        74      5       70

PRECIPITATION (IN)
  TODAY            0.00          1.61 1955   0.14  -0.14     0.36
  MONTH TO DATE    3.23                      3.24  -0.01     4.00
  SINCE MAR 1     21.46                     13.24   8.22    18.98
  SINCE JAN 1     35.07                     22.97  12.10    29.19

SNOWFALL (IN)
  TODAY            0.0           0.0    MM   0.0    0.0      0.0
  MONTH TO DATE    0.0                       0.0    0.0      0.0
  SINCE MAR 1      0.0                       0.1   -0.1       T
  SINCE JUL 1      5.9                       0.8    5.1      0.8

DEGREE DAYS
 HEATING
  TODAY            0                         0      0        0
  MONTH TO DATE    0                        10    -10       13
  SINCE MAR 1    380                       397    -17      210
  SINCE JUL 1   2050                      2389   -339     1328

 COOLING
  TODAY           14                         9      5        5
  MONTH TO DATE  243                       156     87      150
  SINCE MAR 1    307                       264     43      374
  SINCE JAN 1    372                       274     98      432
..................................................................


WIND (MPH)
  HIGHEST WIND SPEED     9   HIGHEST WIND DIRECTION     S (200)
  HIGHEST GUST SPEED    11   HIGHEST GUST DIRECTION    NE (30)
  AVERAGE WIND SPEED     3.5


SKY COVER
  POSSIBLE SUNSHINE  MM
  AVERAGE SKY COVER 0.4


WEATHER CONDITIONS
 THE FOLLOWING WEATHER WAS RECORDED TODAY.
  NO SIGNIFICANT WEATHER WAS OBSERVED.


RELATIVE HUMIDITY (PERCENT)
 HIGHEST    97           200 AM
 LOWEST     53           100 PM
 AVERAGE    75

..........................................................


THE JACKSON CLIMATE NORMALS FOR TOMORROW
                         NORMAL    RECORD    YEAR
 MAXIMUM TEMPERATURE (F)   85        95      1996
                                             1953
 MINIMUM TEMPERATURE (F)   64        46      1931


SUNRISE AND SUNSET
MAY 23 2018...........SUNRISE   558 AM CDT   SUNSET   757 PM CDT
MAY 24 2018...........SUNRISE   557 AM CDT   SUNSET   757 PM CDT


-  INDICATES NEGATIVE NUMBERS.
R  INDICATES RECORD WAS SET OR TIED.
MM INDICATES DATA IS MISSING.
T  INDICATES TRACE AMOUNT.




$$
