242
CDUS42 KJAX 190527
CLIJAX


CLIMATE REPORT
NATIONAL WEATHER SERVICE JACKSONVILLE FL
126 AM EDT THU APR 19 2018


...................................

...THE JACKSONVILLE CLIMATE SUMMARY FOR APRIL 18 2018...

CLIMATE NORMAL PERIOD 1981 TO 2010
CLIMATE RECORD PERIOD 1871 TO 2018


WEATHER ITEM   OBSERVED TIME   RECORD YEAR NORMAL DEPARTURE LAST
                VALUE   (LST)  VALUE       VALUE  FROM      YEAR
                                                  NORMAL
..................................................................
TEMPERATURE (F)
 YESTERDAY
  MAXIMUM         88    340 PM  94    1967  80      8       86
  MINIMUM         48    558 AM  37    2001  55     -7       56
  AVERAGE         68                        67      1       71

PRECIPITATION (IN)
  YESTERDAY        0.00          2.60 1899   0.08  -0.08     0.00
  MONTH TO DATE    2.10                      1.73   0.37     0.74
  SINCE MAR 1      4.24                      5.68  -1.44     1.81
  SINCE JAN 1      9.61                     12.17  -2.56     7.21

SNOWFALL (IN)
  YESTERDAY        0.0           0.0  2002   0.0    0.0      0.0
                                      2001
  MONTH TO DATE    0.0                       0.0    0.0      0.0
  SINCE MAR 1      T                         T      0.0      0.0
  SINCE JUL 1      T                         T      0.0      0.0
  SNOW DEPTH       0

DEGREE DAYS
 HEATING
  YESTERDAY        0                         2     -2        0
  MONTH TO DATE   34                        44    -10       21
  SINCE MAR 1    236                       200     36      179
  SINCE JUL 1   1102                      1333   -231      782

 COOLING
  YESTERDAY        3                         4     -1        6
  MONTH TO DATE   52                        56     -4       73
  SINCE MAR 1     92                       110    -18      152
  SINCE JAN 1    207                       139     68      224
..................................................................


WIND (MPH)
  HIGHEST WIND SPEED    20   HIGHEST WIND DIRECTION    SW (230)
  HIGHEST GUST SPEED    27   HIGHEST GUST DIRECTION    SW (220)
  AVERAGE WIND SPEED     8.1


SKY COVER
  POSSIBLE SUNSHINE  MM
  AVERAGE SKY COVER 0.2


WEATHER CONDITIONS
 THE FOLLOWING WEATHER WAS RECORDED YESTERDAY.
  NO SIGNIFICANT WEATHER WAS OBSERVED.


RELATIVE HUMIDITY (PERCENT)
 HIGHEST   100           700 AM
 LOWEST     21           200 PM
 AVERAGE    61

..........................................................


THE JACKSONVILLE CLIMATE NORMALS FOR TODAY
                         NORMAL    RECORD    YEAR
 MAXIMUM TEMPERATURE (F)   80        92      1995
                                             1968
 MINIMUM TEMPERATURE (F)   55        36      2001


SUNRISE AND SUNSET
APRIL 19 2018.........SUNRISE   655 AM EDT   SUNSET   757 PM EDT
APRIL 20 2018.........SUNRISE   654 AM EDT   SUNSET   758 PM EDT


-  INDICATES NEGATIVE NUMBERS.
R  INDICATES RECORD WAS SET OR TIED.
MM INDICATES DATA IS MISSING.
T  INDICATES TRACE AMOUNT.




$$
