000
CDUS44 KMEG 280633
CLIJBR


CLIMATE REPORT
NATIONAL WEATHER SERVICE MEMPHIS TN
133 AM CDT MON MAY 28 2018


...................................

...THE JONESBORO CLIMATE SUMMARY FOR MAY 27 2018...

CLIMATE NORMAL PERIOD 1981 TO 2010
CLIMATE RECORD PERIOD 1897 TO 2018


WEATHER ITEM   OBSERVED TIME   RECORD YEAR NORMAL DEPARTURE LAST
                VALUE   (LST)  VALUE       VALUE  FROM      YEAR
                                                  NORMAL
..................................................................
TEMPERATURE (F)
 YESTERDAY
  MAXIMUM         93    407 PM 100    1911  84      9       89
  MINIMUM         70    525 AM  41    1961  61      9       63
  AVERAGE         82                        72     10       76

PRECIPITATION (IN)
  YESTERDAY        0.07          4.50 1973   0.12  -0.05     1.58
  MONTH TO DATE    4.67                      4.24   0.43     6.45
  SINCE MAR 1     14.13                     13.76   0.37    21.40
  SINCE JAN 1     30.78                     20.91   9.87    27.01

DEGREE DAYS
 HEATING
  YESTERDAY        0                         0      0        0
  MONTH TO DATE    0                        35    -35       37
  SINCE MAR 1    737                       694     43      495
  SINCE JUL 1   3520                      3650   -130     2628

 COOLING
  YESTERDAY       17                         8      9       11
  MONTH TO DATE  304                       131    173      121
  SINCE MAR 1    315                       178    137      191
  SINCE JAN 1    320                       178    142      195
..................................................................


WIND (MPH)
  HIGHEST WIND SPEED    25   HIGHEST WIND DIRECTION    NE (30)
  HIGHEST GUST SPEED    33   HIGHEST GUST DIRECTION    NE (40)
  AVERAGE WIND SPEED     2.3


SKY COVER
  POSSIBLE SUNSHINE  MM
  AVERAGE SKY COVER 0.0


WEATHER CONDITIONS
 THE FOLLOWING WEATHER WAS RECORDED YESTERDAY.
  THUNDERSTORM
  LIGHT RAIN
  FOG


RELATIVE HUMIDITY (PERCENT)
 HIGHEST   100          1200 AM
 LOWEST     52           300 PM
 AVERAGE    76

..........................................................


THE JONESBORO CLIMATE NORMALS FOR TODAY
                         NORMAL    RECORD    YEAR
 MAXIMUM TEMPERATURE (F)   84       101      1911
 MINIMUM TEMPERATURE (F)   62        40      1907


SUNRISE AND SUNSET
MAY 28 2018...........SUNRISE   549 AM CDT   SUNSET   811 PM CDT
MAY 29 2018...........SUNRISE   549 AM CDT   SUNSET   812 PM CDT


-  INDICATES NEGATIVE NUMBERS.
R  INDICATES RECORD WAS SET OR TIED.
MM INDICATES DATA IS MISSING.
T  INDICATES TRACE AMOUNT.




$$
