000
CDUS43 KSGF 210632
CLIJLN


CLIMATE REPORT
NATIONAL WEATHER SERVICE SPRINGFIELD MO
132 AM CDT SAT APR 21 2018


...................................

...THE JOPLIN MO CLIMATE SUMMARY FOR APRIL 20 2018...

CLIMATE NORMAL PERIOD 1981 TO 2010
CLIMATE RECORD PERIOD 1902 TO 2018


WEATHER ITEM   OBSERVED TIME   RECORD YEAR NORMAL DEPARTURE LAST
                VALUE   (LST)  VALUE       VALUE  FROM      YEAR
                                                  NORMAL
..................................................................
TEMPERATURE (F)
 YESTERDAY
  MAXIMUM         65    514 PM  92    1987  72     -7       71
  MINIMUM         36    527 AM  29    1953  48    -12       60
  AVERAGE         51                        60     -9       66

PRECIPITATION (IN)
  YESTERDAY        0.00          2.48 1966   0.16  -0.16     0.32
  MONTH TO DATE    0.42                      2.70  -2.28     2.86
  SINCE MAR 1      2.72                      6.12  -3.40     5.56
  SINCE JAN 1      8.13                     10.47  -2.34     9.55

DEGREE DAYS
 HEATING
  YESTERDAY       14                         7      7        0
  MONTH TO DATE  341                       186    155       85
  SINCE MAR 1    833                       694    139      465
  SINCE JUL 1   4021                      3948     73     3017

 COOLING
  YESTERDAY        0                         2     -2        1
  MONTH TO DATE   12                        24    -12       44
  SINCE MAR 1     12                        33    -21       61
  SINCE JAN 1     12                        34    -22       71
..................................................................


WIND (MPH)
  HIGHEST WIND SPEED    22   HIGHEST WIND DIRECTION     E (110)
  HIGHEST GUST SPEED    29   HIGHEST GUST DIRECTION     E (110)
  AVERAGE WIND SPEED    10.4


SKY COVER
  AVERAGE SKY COVER 0.0


WEATHER CONDITIONS
 THE FOLLOWING WEATHER WAS RECORDED YESTERDAY.
  NO SIGNIFICANT WEATHER WAS OBSERVED.


RELATIVE HUMIDITY (PERCENT)
 HIGHEST    76          1200 AM
 LOWEST     24          1100 PM
 AVERAGE    50

..........................................................


THE JOPLIN MO CLIMATE NORMALS FOR TODAY
                         NORMAL    RECORD    YEAR
 MAXIMUM TEMPERATURE (F)   72        90      1963
 MINIMUM TEMPERATURE (F)   49        30      1966
                                             1978


SUNRISE AND SUNSET
APRIL 21 2018.........SUNRISE   636 AM CDT   SUNSET   758 PM CDT
APRIL 22 2018.........SUNRISE   634 AM CDT   SUNSET   759 PM CDT


-  INDICATES NEGATIVE NUMBERS.
R  INDICATES RECORD WAS SET OR TIED.
MM INDICATES DATA IS MISSING.
T  INDICATES TRACE AMOUNT.




$$
