000
CDUS43 KGRR 261324
CLILAN


CLIMATE REPORT
NATIONAL WEATHER SERVICE GRAND RAPIDS, MI
923 AM EDT THU APR 26 2018


...................................

...THE LANSING MI CLIMATE SUMMARY FOR APRIL 26 2018...
VALID AS OF 0900 AM LOCAL TIME.

CLIMATE NORMAL PERIOD 1981 TO 2010
CLIMATE RECORD PERIOD 1864 TO 2018


WEATHER ITEM   OBSERVED TIME   RECORD YEAR NORMAL DEPARTURE LAST
                VALUE   (LST)  VALUE       VALUE  FROM      YEAR
                                                  NORMAL
..................................................................
TEMPERATURE (F)
 TODAY
  MAXIMUM         44    759 AM  88    1915  62    -18       82
  MINIMUM         32    559 AM  22    1874  41     -9       59
  AVERAGE         38                        51    -13       71

PRECIPITATION (IN)
  TODAY            0.00          0.85 1995   0.10  -0.10      T
  MONTH TO DATE    3.07                      2.63   0.44     3.73
  SINCE MAR 1      4.36                      4.69  -0.33     7.36
  SINCE JAN 1     10.97                      7.81   3.16    13.64

SNOWFALL (IN)
  TODAY            0.0           0.4  1945   0.0    0.0      0.0
  MONTH TO DATE    2.7                       1.8    0.9      0.4
  SINCE MAR 1      8.0                       8.8   -0.8      2.6
  SINCE JUL 1     53.3                      51.0    2.3     30.2
  SNOW DEPTH       0

DEGREE DAYS
 HEATING
  TODAY           27                        14     13        0
  MONTH TO DATE  676                       481    195      322
  SINCE MAR 1   1657                      1410    247     1247
  SINCE JUL 1   6435                      6345     90     5292

 COOLING
  TODAY            0                         0      0        6
  MONTH TO DATE    0                         0      0        8
  SINCE MAR 1      0                         1     -1        8
  SINCE JAN 1      0                         1     -1        8
..................................................................


WIND (MPH)
  RESULTANT WIND SPEED   0   RESULTANT WIND DIRECTION  MM
  HIGHEST WIND SPEED     3   HIGHEST WIND DIRECTION     W (290)
  HIGHEST GUST SPEED     6   HIGHEST GUST DIRECTION    SW (230)
  AVERAGE WIND SPEED     0.0


SKY COVER
  AVERAGE SKY COVER 0.0


WEATHER CONDITIONS
 THE FOLLOWING WEATHER WAS RECORDED TODAY.
  FOG


RELATIVE HUMIDITY (PERCENT)
 HIGHEST   100           500 AM
 LOWEST     70           800 AM
 AVERAGE    85

..........................................................


THE LANSING MI CLIMATE NORMALS FOR TOMORROW
                         NORMAL    RECORD    YEAR
 MAXIMUM TEMPERATURE (F)   63        84      1990
                                             1986
 MINIMUM TEMPERATURE (F)   41        24      1867


SUNRISE AND SUNSET
APRIL 26 2018.........SUNRISE   640 AM EDT   SUNSET   833 PM EDT
APRIL 27 2018.........SUNRISE   638 AM EDT   SUNSET   834 PM EDT


-  INDICATES NEGATIVE NUMBERS.
R  INDICATES RECORD WAS SET OR TIED.
MM INDICATES DATA IS MISSING.
T  INDICATES TRACE AMOUNT.




$$
