000
CDUS45 KVEF 230826
CLILAS


CLIMATE REPORT
NATIONAL WEATHER SERVICE LAS VEGAS, NV
126 AM PDT MON APR 23 2018


...................................

...THE LAS VEGAS NV CLIMATE SUMMARY FOR APRIL 22 2018...

CLIMATE NORMAL PERIOD 1981 TO 2010
CLIMATE RECORD PERIOD 1937 TO 2018


WEATHER ITEM   OBSERVED TIME   RECORD YEAR NORMAL DEPARTURE LAST
                VALUE   (LST)  VALUE       VALUE  FROM      YEAR
                                                  NORMAL
..................................................................
TEMPERATURE (F)
 YESTERDAY
  MAXIMUM         91    442 PM  99    2012  80     11       84
  MINIMUM         63    601 AM  33    1963  58      5       62
  AVERAGE         77                        69      8       73

PRECIPITATION (IN)
  YESTERDAY        0.00          0.11 1955   0.00   0.00     0.00
  MONTH TO DATE    0.00                      0.12  -0.12     0.04
  SINCE OCT 1      1.74                      2.99  -1.25     2.57
  SINCE JAN 1      1.74                      1.86  -0.12     1.51

SNOWFALL (IN)
  YESTERDAY        0.0           0.0    MM   0.0    0.0      0.0
  MONTH TO DATE    0.0                       0.0    0.0      0.0
  SINCE MAR 1      0.0                       0.0    0.0      0.0
  SINCE JUL 1      0.0                       0.3   -0.3      0.0
  SNOW DEPTH       0

DEGREE DAYS
 HEATING
  YESTERDAY        0                         1     -1        0
  MONTH TO DATE   11                        56    -45        9
  SINCE MAR 1    182                       245    -63       91
  SINCE JUL 1   1301                      1936   -635     1463

 COOLING
  YESTERDAY       12                         5      7        8
  MONTH TO DATE  135                        75     60      106
  SINCE MAR 1    154                       105     49      214
  SINCE JAN 1    154                       106     48      217
..................................................................


WIND (MPH)
  RESULTANT WIND SPEED   3   RESULTANT WIND DIRECTION   S (180)
  HIGHEST WIND SPEED    12   HIGHEST WIND DIRECTION     S (190)
  HIGHEST GUST SPEED    15   HIGHEST GUST DIRECTION     S (190)
  AVERAGE WIND SPEED     4.3


SKY COVER
  POSSIBLE SUNSHINE  MM
  AVERAGE SKY COVER 0.5


WEATHER CONDITIONS
 THE FOLLOWING WEATHER WAS RECORDED YESTERDAY.
  NO SIGNIFICANT WEATHER WAS OBSERVED.


RELATIVE HUMIDITY (PERCENT)
 HIGHEST    27           500 AM
 LOWEST      7           400 PM
 AVERAGE    17

..........................................................


THE LAS VEGAS NV CLIMATE NORMALS FOR TODAY
                         NORMAL    RECORD    YEAR
 MAXIMUM TEMPERATURE (F)   81        98      2012
                                             1949
 MINIMUM TEMPERATURE (F)   58        36      1937


SUNRISE AND SUNSET
APRIL 23 2018.........SUNRISE   557 AM PDT   SUNSET   721 PM PDT
APRIL 24 2018.........SUNRISE   556 AM PDT   SUNSET   722 PM PDT


-  INDICATES NEGATIVE NUMBERS.
R  INDICATES RECORD WAS SET OR TIED.
MM INDICATES DATA IS MISSING.
T  INDICATES TRACE AMOUNT.




$$
