000
CDUS44 KLUB 202225
CLILBB


CLIMATE REPORT
NATIONAL WEATHER SERVICE LUBBOCK, TX
525 PM CDT FRI APR 20 2018


...................................

...THE LUBBOCK CLIMATE SUMMARY FOR APRIL 20 2018...
VALID TODAY AS OF 0500 PM LOCAL TIME.

CLIMATE NORMAL PERIOD 1981 TO 2010
CLIMATE RECORD PERIOD 1911 TO 2018


WEATHER ITEM   OBSERVED TIME   RECORD YEAR NORMAL DEPARTURE LAST
                VALUE   (LST)  VALUE       VALUE  FROM      YEAR
                                                  NORMAL
..................................................................
TEMPERATURE (F)
 TODAY
  MAXIMUM         69    359 PM  93    1925  77     -8       76
  MINIMUM         47    516 AM  30    1933  47      0       57
  AVERAGE         58                        62     -4       67

PRECIPITATION (IN)
  TODAY            0.00          1.01 1937   0.05  -0.05     0.00
  MONTH TO DATE    T                         0.86  -0.86     0.81
  SINCE MAR 1      0.87                      1.96  -1.09     1.48
  SINCE JAN 1      1.07                      3.36  -2.29     4.40

SNOWFALL (IN)
  TODAY            0.0           0.0  2002   0.0    0.0      0.0
  MONTH TO DATE    0.0                       0.2   -0.2      0.0
  SINCE MAR 1      0.0                       0.8   -0.8      0.0
  SINCE JUL 1      0.3                       8.2   -7.9      0.2
  SNOW DEPTH       0

DEGREE DAYS
 HEATING
  TODAY            7                         5      2        0
  MONTH TO DATE  160                       144     16       81
  SINCE MAR 1    445                       559   -114      301
  SINCE JUL 1   2966                      3298   -332     2385

 COOLING
  TODAY            0                         2     -2        2
  MONTH TO DATE   35                        25     10       55
  SINCE MAR 1     62                        32     30      101
  SINCE JAN 1     65                        32     33      105
..................................................................


WIND (MPH)
  RESULTANT WIND SPEED  26   RESULTANT WIND DIRECTION  SE (140)
  HIGHEST WIND SPEED    40   HIGHEST WIND DIRECTION    SE (150)
  HIGHEST GUST SPEED    50   HIGHEST GUST DIRECTION    SE (150)
  AVERAGE WIND SPEED    26.1


SKY COVER
  AVERAGE SKY COVER 0.7


WEATHER CONDITIONS
 THE FOLLOWING WEATHER WAS RECORDED TODAY.
  HAZE


RELATIVE HUMIDITY (PERCENT)
 HIGHEST    53           500 AM
 LOWEST     36          1200 PM
 AVERAGE    45

..........................................................


THE LUBBOCK CLIMATE NORMALS FOR TOMORROW
                         NORMAL    RECORD    YEAR
 MAXIMUM TEMPERATURE (F)   77        98      1989
                                             1965
 MINIMUM TEMPERATURE (F)   48        28      1918


SUNRISE AND SUNSET
APRIL 20 2018.........SUNRISE   711 AM CDT   SUNSET   822 PM CDT
APRIL 21 2018.........SUNRISE   710 AM CDT   SUNSET   823 PM CDT


-  INDICATES NEGATIVE NUMBERS.
R  INDICATES RECORD WAS SET OR TIED.
MM INDICATES DATA IS MISSING.
T  INDICATES TRACE AMOUNT.




$$
