000
CDUS43 KLMK 240629
CLILEX


CLIMATE REPORT
NATIONAL WEATHER SERVICE LOUISVILLE KY
228 AM EDT TUE APR 24 2018


...................................

...THE LEXINGTON KY CLIMATE SUMMARY FOR APRIL 23 2018...

CLIMATE NORMAL PERIOD 1981 TO 2010
CLIMATE RECORD PERIOD 1872 TO 2018


WEATHER ITEM   OBSERVED TIME   RECORD YEAR NORMAL DEPARTURE LAST
                VALUE   (LST)  VALUE       VALUE  FROM      YEAR
                                                  NORMAL
..................................................................
TEMPERATURE (F)
 YESTERDAY
  MAXIMUM         62    212 PM  86    1946  68     -6       57
                                      1937
                                      1925
  MINIMUM         52    618 AM  24    1986  47      5       43
  AVERAGE         57                        58     -1       50

PRECIPITATION (IN)
  YESTERDAY        0.79          2.76 1970   0.13   0.66     0.01
  MONTH TO DATE    3.73                      2.66   1.07     1.65
  SINCE MAR 1      9.05                      6.73   2.32     4.93
  SINCE JAN 1     21.27                     13.13   8.14    13.03

SNOWFALL (IN)
  YESTERDAY        0.0           0.0    MM   0.0    0.0      0.0
  MONTH TO DATE    1.4                       0.3    1.1      0.0
  SINCE MAR 1     13.6                       1.7   11.9       T
  SINCE JUL 1     21.2                      13.0    8.2      3.4
  SNOW DEPTH       0

DEGREE DAYS
 HEATING
  YESTERDAY        8                         8      0       15
  MONTH TO DATE  355                       262     93      122
  SINCE MAR 1   1030                       867    163      652
  SINCE JUL 1   4342                      4438    -96     3362

 COOLING
  YESTERDAY        0                         1     -1        0
  MONTH TO DATE    8                        14     -6       40
  SINCE MAR 1      8                        16     -8       45
  SINCE JAN 1     15                        16     -1       49
..................................................................


WIND (MPH)
  HIGHEST WIND SPEED    22   HIGHEST WIND DIRECTION     E (100)
  HIGHEST GUST SPEED    31   HIGHEST GUST DIRECTION     E (80)
  AVERAGE WIND SPEED    10.9


SKY COVER
  POSSIBLE SUNSHINE  MM
  AVERAGE SKY COVER 0.9


WEATHER CONDITIONS
 THE FOLLOWING WEATHER WAS RECORDED YESTERDAY.
  HEAVY RAIN
  RAIN
  LIGHT RAIN
  FOG


RELATIVE HUMIDITY (PERCENT)
 HIGHEST    93          1100 AM
 LOWEST     29          1200 AM
 AVERAGE    61

..........................................................


THE LEXINGTON KY CLIMATE NORMALS FOR TODAY
                         NORMAL    RECORD    YEAR
 MAXIMUM TEMPERATURE (F)   69        90      1925
 MINIMUM TEMPERATURE (F)   47        28      1910


SUNRISE AND SUNSET
APRIL 24 2018.........SUNRISE   651 AM EDT   SUNSET   823 PM EDT
APRIL 25 2018.........SUNRISE   650 AM EDT   SUNSET   824 PM EDT


-  INDICATES NEGATIVE NUMBERS.
R  INDICATES RECORD WAS SET OR TIED.
MM INDICATES DATA IS MISSING.
T  INDICATES TRACE AMOUNT.




$$
