000
CDUS44 KSHV 250753
CLILFK


CLIMATE REPORT
NATIONAL WEATHER SERVICE SHREVEPORT, LA
249 AM CDT WED APR 25 2018


...................................

...THE LUFKIN CLIMATE SUMMARY FOR APRIL 24 2018...

CLIMATE NORMAL PERIOD 1981 TO 2010
CLIMATE RECORD PERIOD 1906 TO 2018


WEATHER ITEM   OBSERVED TIME   RECORD YEAR NORMAL DEPARTURE LAST
                VALUE   (LST)  VALUE       VALUE  FROM      YEAR
                                                  NORMAL
..................................................................
TEMPERATURE (F)
 YESTERDAY
  MAXIMUM         83    301 PM  90    2011  80      3       78
                                      1932
  MINIMUM         50    506 AM  41    2005  57     -7       46
  AVERAGE         67                        69     -2       62

PRECIPITATION (IN)
  YESTERDAY        0.00          1.85 1966   0.11  -0.11     0.00
  MONTH TO DATE    2.83                      2.40   0.43     5.37
  SINCE DEC 1     23.29                     18.67   4.62    20.25
  SINCE JAN 1     19.68                     14.23   5.45    15.34

SNOWFALL (IN)
  YESTERDAY        0.0
  MONTH TO DATE    0.0
  SINCE MAR 1      0.0
  SINCE JUL 1      1.1
  SNOW DEPTH       0

DEGREE DAYS
 HEATING
  YESTERDAY        0                         1     -1        3
  MONTH TO DATE  108                        64     44       32
  SINCE MAR 1    227                       274    -47      155
  SINCE JUL 1   1847                      1908    -61     1131

 COOLING
  YESTERDAY        2                         5     -3        0
  MONTH TO DATE   45                        85    -40       98
  SINCE MAR 1    134                       126      8      192
  SINCE JAN 1    177                       145     32      274
..................................................................


WIND (MPH)
  HIGHEST WIND SPEED    13   HIGHEST WIND DIRECTION     W (280)
  HIGHEST GUST SPEED    16   HIGHEST GUST DIRECTION     W (290)
  AVERAGE WIND SPEED     2.9


SKY COVER
  POSSIBLE SUNSHINE  MM
  AVERAGE SKY COVER 0.0


WEATHER CONDITIONS
 THE FOLLOWING WEATHER WAS RECORDED YESTERDAY.
  FOG


RELATIVE HUMIDITY (PERCENT)
 HIGHEST   100           200 AM
 LOWEST     37           400 PM
 AVERAGE    69

..........................................................


THE LUFKIN CLIMATE NORMALS FOR TODAY
                         NORMAL    RECORD    YEAR
 MAXIMUM TEMPERATURE (F)   80        91      2015
                                             1975
 MINIMUM TEMPERATURE (F)   58        32      1910


SUNRISE AND SUNSET
APRIL 25 2018.........SUNRISE   640 AM CDT   SUNSET   754 PM CDT
APRIL 26 2018.........SUNRISE   639 AM CDT   SUNSET   755 PM CDT


-  INDICATES NEGATIVE NUMBERS.
R  INDICATES RECORD WAS SET OR TIED.
MM INDICATES DATA IS MISSING.
T  INDICATES TRACE AMOUNT.




$$
