000
CDUS44 KLZK 240635
CLILIT


CLIMATE REPORT
NATIONAL WEATHER SERVICE LITTLE ROCK AR
134 AM CDT THU MAY 24 2018


...................................

...THE LITTLE ROCK ADAMS FIELD CLIMATE SUMMARY FOR MAY 23 2018...

CLIMATE NORMAL PERIOD 1981 TO 2010
CLIMATE RECORD PERIOD 1874 TO 2018


WEATHER ITEM   OBSERVED TIME   RECORD YEAR NORMAL DEPARTURE LAST
                VALUE   (LST)  VALUE       VALUE  FROM      YEAR
                                                  NORMAL
..................................................................
TEMPERATURE (F)
 YESTERDAY
  MAXIMUM         88    144 PM  94    1978  83      5       79
  MINIMUM         67   1154 PM  42    1963  63      4       60
  AVERAGE         78                        73      5       70

PRECIPITATION (IN)
  YESTERDAY        0.90          5.11 1946   0.15   0.75     0.03
  MONTH TO DATE    2.46                      3.78  -1.32     4.58
  SINCE MAR 1     12.28                     13.60  -1.32    18.58
  SINCE JAN 1     28.54                     20.81   7.73    23.58

SNOWFALL (IN)
  YESTERDAY        0.0          MM      MM   0.0    0.0      0.0
  MONTH TO DATE    0.0                       0.0    0.0      0.0
  SINCE MAR 1      T                         0.4   -0.4      0.0
  SINCE JUL 1      1.7                       3.5   -1.8      0.2
  SNOW DEPTH       0

DEGREE DAYS
 HEATING
  YESTERDAY        0                         0      0        0
  MONTH TO DATE    0                        18    -18       24
  SINCE MAR 1    553                       537     16      378
  SINCE JUL 1   3078                      3050     28     2292

 COOLING
  YESTERDAY       13                         8      5        5
  MONTH TO DATE  249                       132    117       97
  SINCE MAR 1    276                       202     74      192
  SINCE JAN 1    285                       204     81      204
..................................................................


WIND (MPH)
  HIGHEST WIND SPEED    22   HIGHEST WIND DIRECTION    SE (130)
  HIGHEST GUST SPEED    29   HIGHEST GUST DIRECTION     E (110)
  AVERAGE WIND SPEED     3.6


SKY COVER
  POSSIBLE SUNSHINE  MM
  AVERAGE SKY COVER 0.8


WEATHER CONDITIONS
 THE FOLLOWING WEATHER WAS RECORDED YESTERDAY.
  THUNDERSTORM
  HEAVY RAIN
  RAIN
  LIGHT RAIN
  FOG


RELATIVE HUMIDITY (PERCENT)
 HIGHEST   100          1200 AM
 LOWEST     55           100 PM
 AVERAGE    78

..........................................................


THE LITTLE ROCK ADAMS FIELD CLIMATE NORMALS FOR TODAY
                         NORMAL    RECORD    YEAR
 MAXIMUM TEMPERATURE (F)   83        95      1978
 MINIMUM TEMPERATURE (F)   64        48      1963


SUNRISE AND SUNSET
MAY 24 2018...........SUNRISE   600 AM CDT   SUNSET   812 PM CDT
MAY 25 2018...........SUNRISE   600 AM CDT   SUNSET   812 PM CDT


-  INDICATES NEGATIVE NUMBERS.
R  INDICATES RECORD WAS SET OR TIED.
MM INDICATES DATA IS MISSING.
T  INDICATES TRACE AMOUNT.




$$
