000
CDUS45 KPIH 240736
CLILLJ


CLIMATE REPORT
NATIONAL WEATHER SERVICE POCATELLO ID
135 AM MDT SUN JUN 24 2018


...................................

...THE CHALLIS ID CLIMATE SUMMARY FOR JUNE 23 2018...

CLIMATE NORMAL PERIOD 1981 TO 2010
CLIMATE RECORD PERIOD 1898 TO 2018


WEATHER ITEM   OBSERVED TIME   RECORD YEAR NORMAL DEPARTURE LAST
                VALUE   (LST)  VALUE       VALUE  FROM      YEAR
                                                  NORMAL
..................................................................
TEMPERATURE (F)
 YESTERDAY
  MAXIMUM         74    502 PM 100    1992  78     -4       80
  MINIMUM         53    607 AM  31    1916  47      6       38
  AVERAGE         64                        62      2       59

PRECIPITATION (IN)
  YESTERDAY        0.01          0.43 2011   0.04  -0.03     0.00
  MONTH TO DATE    1.61                      1.33   0.28     1.02
  SINCE OCT 1      5.59                      7.40  -1.81     8.86
  SINCE JAN 1      4.45                      5.47  -1.02     5.45

SNOWFALL (IN)
  YESTERDAY       MM
  MONTH TO DATE   MM
  SINCE JUN 1     MM
  SINCE JUL 1     MM
  SNOW DEPTH      MM

DEGREE DAYS
 HEATING
  YESTERDAY        1                         4     -3        6
  MONTH TO DATE   75                       147    -72      119
  SINCE JUN 1     75                       147    -72      119
  SINCE JUL 1   7001                      8143  -1142     8346

 COOLING
  YESTERDAY        0                         1     -1        0
  MONTH TO DATE   24                        11     13       24
  SINCE JUN 1     24                        11     13       24
  SINCE JAN 1     24                        13     11       26
..................................................................


WIND (MPH)
  HIGHEST WIND SPEED    26   HIGHEST WIND DIRECTION     N (10)
  HIGHEST GUST SPEED    32   HIGHEST GUST DIRECTION     N (10)
  AVERAGE WIND SPEED     6.1


SKY COVER
  POSSIBLE SUNSHINE  MM
  AVERAGE SKY COVER 0.5


WEATHER CONDITIONS
 THE FOLLOWING WEATHER WAS RECORDED YESTERDAY.
  LIGHT RAIN


RELATIVE HUMIDITY (PERCENT)
 HIGHEST    83           300 AM
 LOWEST     29           500 PM
 AVERAGE    56

..........................................................


THE CHALLIS ID CLIMATE NORMALS FOR TODAY
                         NORMAL    RECORD    YEAR
 MAXIMUM TEMPERATURE (F)   79        97      1988
 MINIMUM TEMPERATURE (F)   47        32      1914


SUNRISE AND SUNSET
JUNE 24 2018..........SUNRISE   553 AM MDT   SUNSET   926 PM MDT
JUNE 25 2018..........SUNRISE   553 AM MDT   SUNSET   926 PM MDT


-  INDICATES NEGATIVE NUMBERS.
R  INDICATES RECORD WAS SET OR TIED.
MM INDICATES DATA IS MISSING.
T  INDICATES TRACE AMOUNT.




$$
