822
CDUS45 KRIW 240840
CLILND


CLIMATE REPORT
NATIONAL WEATHER SERVICE RIVERTON WY
235 AM MDT THU MAY 24 2018


...................................

...THE LANDER WY CLIMATE SUMMARY FOR MAY 23 2018...

CLIMATE NORMAL PERIOD 1981 TO 2010
CLIMATE RECORD PERIOD 1891 TO 2018


WEATHER ITEM   OBSERVED TIME   RECORD YEAR NORMAL DEPARTURE LAST
                VALUE   (LST)  VALUE       VALUE  FROM      YEAR
                                                  NORMAL
..................................................................
TEMPERATURE (F)
 YESTERDAY
  MAXIMUM         71    255 PM  85    1984  69      2       66
  MINIMUM         42    437 AM  26    1916  42      0       35
  AVERAGE         57                        56      1       51

PRECIPITATION (IN)
  YESTERDAY        T             1.46 1906   0.07  -0.07     0.00
  MONTH TO DATE    3.46                      1.67   1.79     1.84
  SINCE MAR 1      6.04                      4.70   1.34     9.75
  SINCE JAN 1      7.66                      5.69   1.97    12.13

SNOWFALL (IN)
  YESTERDAY        0.0                       0.1   -0.1      0.0
  MONTH TO DATE    T                         4.6   -4.6      6.8
  SINCE MAR 1     11.2                      37.5  -26.3     29.9
  SINCE JUL 1     58.4                      91.1  -32.7     90.9
  SNOW DEPTH       0

DEGREE DAYS
 HEATING
  YESTERDAY        8                        10     -2       14
  MONTH TO DATE  260                       300    -40      306
  SINCE MAR 1   1767                      1850    -83     1688
  SINCE JUL 1   7217                      7554   -337     7391

 COOLING
  YESTERDAY        0                         0      0        0
  MONTH TO DATE    0                         0      0        0
  SINCE MAR 1      0                         0      0        0
  SINCE JAN 1      0                         0      0        0
..................................................................


WIND (MPH)
  HIGHEST WIND SPEED    38   HIGHEST WIND DIRECTION    SW (220)
  HIGHEST GUST SPEED    46   HIGHEST GUST DIRECTION    SW (230)
  AVERAGE WIND SPEED     9.4


SKY COVER
  POSSIBLE SUNSHINE  MM
  AVERAGE SKY COVER 0.3


WEATHER CONDITIONS
 THE FOLLOWING WEATHER WAS RECORDED YESTERDAY.
  THUNDERSTORM
  LIGHT RAIN
  FOG
  FOG W/VISIBILITY <= 1/4 MILE


RELATIVE HUMIDITY (PERCENT)
 HIGHEST   100           100 AM
 LOWEST     31           300 PM
 AVERAGE    66

..........................................................


THE LANDER WY CLIMATE NORMALS FOR TODAY
                         NORMAL    RECORD    YEAR
 MAXIMUM TEMPERATURE (F)   69        85      1985
 MINIMUM TEMPERATURE (F)   42        29      2007


SUNRISE AND SUNSET
MAY 24 2018...........SUNRISE   544 AM MDT   SUNSET   840 PM MDT
MAY 25 2018...........SUNRISE   543 AM MDT   SUNSET   841 PM MDT


-  INDICATES NEGATIVE NUMBERS.
R  INDICATES RECORD WAS SET OR TIED.
MM INDICATES DATA IS MISSING.
T  INDICATES TRACE AMOUNT.




$$
