299
CDUS43 KOAX 242146
CLILNK


CLIMATE REPORT
NATIONAL WEATHER SERVICE OMAHA NEBRASKA
446 PM CDT THU MAY 24 2018


...................................

...THE LINCOLN, NEBRASKA CLIMATE SUMMARY FOR MAY 24 2018...
VALID TODAY AS OF 0400 PM LOCAL TIME.

CLIMATE NORMAL PERIOD 1981 TO 2010
CLIMATE RECORD PERIOD 1887 TO 2018


WEATHER ITEM   OBSERVED TIME   RECORD YEAR NORMAL DEPARTURE LAST
                VALUE   (LST)  VALUE       VALUE  FROM      YEAR
                                                  NORMAL
..................................................................
TEMPERATURE (F)
 TODAY
  MAXIMUM         90    124 PM 100    1967  77     13       70
  MINIMUM         67    536 AM  34    1924  53     14       47
                                      1897
  AVERAGE         79                        65     14       59

PRECIPITATION (IN)
  TODAY            0.00          1.43 1970   0.14  -0.14     0.00
  MONTH TO DATE    1.39                      3.33  -1.94     5.87
  SINCE MAR 1      4.77                      7.97  -3.20    11.04
  SINCE JAN 1      5.92                      9.38  -3.46    12.69

SNOWFALL (IN)
  TODAY            0.0                       0.0    0.0      0.0
  MONTH TO DATE    0.0                       0.1   -0.1       T
  SINCE JUL 1     21.4                      26.0   -4.6      7.5
  SNOW DEPTH       0

DEGREE DAYS
 HEATING
  TODAY            0                         3     -3        6
  MONTH TO DATE   44                       133    -89      125
  SINCE MAR 1   1400                      1323     77     1129
  SINCE JUL 1   5999                      6026    -27     5012

 COOLING
  TODAY           14                         3     11        0
  MONTH TO DATE   95                        40     55       58
  SINCE MAR 1    103                        54     49       71
  SINCE JAN 1    103                        54     49       71
..................................................................


WIND (MPH)
  HIGHEST WIND SPEED    24   HIGHEST WIND DIRECTION    SE (150)
  HIGHEST GUST SPEED    33   HIGHEST GUST DIRECTION    SE (130)
  AVERAGE WIND SPEED    11.1


SKY COVER
  POSSIBLE SUNSHINE  MM
  AVERAGE SKY COVER 0.0


WEATHER CONDITIONS
 THE FOLLOWING WEATHER WAS RECORDED TODAY.
  NO SIGNIFICANT WEATHER WAS OBSERVED.


RELATIVE HUMIDITY (PERCENT)
 HIGHEST    87           500 AM
 LOWEST     39           100 PM
 AVERAGE    63

..........................................................


THE LINCOLN, NEBRASKA CLIMATE NORMALS FOR TOMORROW
                         NORMAL    RECORD    YEAR
 MAXIMUM TEMPERATURE (F)   77        98      1967
 MINIMUM TEMPERATURE (F)   54        35      1925


SUNRISE AND SUNSET
MAY 24 2018...........SUNRISE   602 AM CDT   SUNSET   846 PM CDT
MAY 25 2018...........SUNRISE   601 AM CDT   SUNSET   847 PM CDT


-  INDICATES NEGATIVE NUMBERS.
R  INDICATES RECORD WAS SET OR TIED.
MM INDICATES DATA IS MISSING.
T  INDICATES TRACE AMOUNT.




$$
