805
CDUS45 KTFX 262240
CLILWT


CLIMATE REPORT
NATIONAL WEATHER SERVICE GREAT FALLS MT
440 PM MDT THU APR 26 2018


...................................

...THE LEWISTOWN MT CLIMATE SUMMARY FOR APRIL 26 2018...
VALID TODAY AS OF 0400 PM LOCAL TIME.

CLIMATE NORMAL PERIOD 1981 TO 2010
CLIMATE RECORD PERIOD 1896 TO 2018


WEATHER ITEM   OBSERVED TIME   RECORD YEAR NORMAL DEPARTURE LAST
                VALUE   (LST)  VALUE       VALUE  FROM      YEAR
                                                  NORMAL
..................................................................
TEMPERATURE (F)
 TODAY
  MAXIMUM         68    259 PM  86    1910  57     11       49
  MINIMUM         28    514 AM  17    1988  32     -4       28
  AVERAGE         48                        44      4       39

PRECIPITATION (IN)
  TODAY            0.00          1.04 1899   0.05  -0.05     0.15
  MONTH TO DATE    1.71                      1.17   0.54     2.18
  SINCE OCT 1      6.43                      5.67   0.76     8.04
  SINCE JAN 1      4.43                      3.17   1.26     3.64

DEGREE DAYS
 HEATING
  TODAY           17                        21     -4       26
  MONTH TO DATE  757                       628    129      584
  SINCE MAR 1   1855                      1623    232     1466
  SINCE JUL 1   7981                      7427    554     7277

 COOLING
  TODAY            0                         0      0        0
  MONTH TO DATE    0                         0      0        0
  SINCE MAR 1      0                         0      0        0
  SINCE JAN 1      0                         0      0        0
..................................................................


WIND (MPH)
  HIGHEST WIND SPEED    12   HIGHEST WIND DIRECTION     W (260)
  HIGHEST GUST SPEED    19   HIGHEST GUST DIRECTION     W (270)
  AVERAGE WIND SPEED     5.8


SKY COVER
  AVERAGE SKY COVER 0.0


WEATHER CONDITIONS
 THE FOLLOWING WEATHER WAS RECORDED TODAY.
  NO SIGNIFICANT WEATHER WAS OBSERVED.


RELATIVE HUMIDITY (PERCENT)
 HIGHEST    92
 LOWEST     15
 AVERAGE    54

..........................................................


THE LEWISTOWN MT CLIMATE NORMALS FOR TOMORROW
                         NORMAL    RECORD    YEAR
 MAXIMUM TEMPERATURE (F)   57        82      1987
 MINIMUM TEMPERATURE (F)   32        15      1994


SUNRISE AND SUNSET
APRIL 26 2018.........SUNRISE   610 AM MDT   SUNSET   822 PM MDT
APRIL 27 2018.........SUNRISE   609 AM MDT   SUNSET   823 PM MDT


-  INDICATES NEGATIVE NUMBERS.
R  INDICATES RECORD WAS SET OR TIED.
MM INDICATES DATA IS MISSING.
T  INDICATES TRACE AMOUNT.




$$
