000
CDUS41 KRNK 232107
CLILYH


CLIMATE REPORT
NATIONAL WEATHER SERVICE BLACKSBURG VA
507 PM EDT MON APR 23 2018


...................................

...THE LYNCHBURG VA CLIMATE SUMMARY FOR APRIL 23 2018...
VALID TODAY AS OF 0500 PM LOCAL TIME.

CLIMATE NORMAL PERIOD 1981 TO 2010
CLIMATE RECORD PERIOD 1893 TO 2018


WEATHER ITEM   OBSERVED TIME   RECORD YEAR NORMAL DEPARTURE LAST
                VALUE   (LST)  VALUE       VALUE  FROM      YEAR
                                                  NORMAL
..................................................................
TEMPERATURE (F)
 TODAY
  MAXIMUM         66    243 PM  91    1980  70     -4       51
                                      1960
  MINIMUM         44    510 AM  32    1936  45     -1       48
  AVERAGE         55                        58     -3       50

PRECIPITATION (IN)
  TODAY            0.00          0.99 1983   0.11  -0.11     0.58
  MONTH TO DATE    1.84                      2.55  -0.71     2.63
  SINCE MAR 1      4.91                      6.13  -1.22     5.29
  SINCE JAN 1     13.57                     12.20   1.37     9.67

SNOWFALL (IN)
  TODAY            0.0                                       0.0
  MONTH TO DATE    0.5                                       0.0
  SINCE MAR 1      8.2                                        T
  SINCE JUL 1     13.9                                       5.9
  SNOW DEPTH       0

DEGREE DAYS
 HEATING
  TODAY           10                         8      2       15
  MONTH TO DATE  303                       252     51      134
  SINCE MAR 1   1025                       847    178      673
  SINCE JUL 1   4253                      4271    -18     3382

 COOLING
  TODAY            0                         1     -1        0
  MONTH TO DATE   11                        11      0       26
  SINCE MAR 1     11                        13     -2       26
  SINCE JAN 1     11                        13     -2       27
..................................................................


WIND (MPH)
  HIGHEST WIND SPEED    16   HIGHEST WIND DIRECTION    SE (130)
  HIGHEST GUST SPEED    22   HIGHEST GUST DIRECTION    SE (120)
  AVERAGE WIND SPEED     6.4


SKY COVER
  AVERAGE SKY COVER 0.2


WEATHER CONDITIONS
 THE FOLLOWING WEATHER WAS RECORDED TODAY.
  NO SIGNIFICANT WEATHER WAS OBSERVED.


RELATIVE HUMIDITY (PERCENT)
 HIGHEST    83           500 AM
 LOWEST     48           300 PM
 AVERAGE    66

..........................................................


THE LYNCHBURG VA CLIMATE NORMALS FOR TOMORROW
                         NORMAL    RECORD    YEAR
 MAXIMUM TEMPERATURE (F)   71        95      1925
 MINIMUM TEMPERATURE (F)   45        32      2002
                                             1922


SUNRISE AND SUNSET
APRIL 23 2018.........SUNRISE   632 AM EDT   SUNSET   759 PM EDT
APRIL 24 2018.........SUNRISE   630 AM EDT   SUNSET   800 PM EDT


-  INDICATES NEGATIVE NUMBERS.
R  INDICATES RECORD WAS SET OR TIED.
MM INDICATES DATA IS MISSING.
T  INDICATES TRACE AMOUNT.




$$
