180
CDUS46 KHNX 240023
CLIMAE


CLIMATE REPORT
NATIONAL WEATHER SERVICE SAN JOAQUIN VALLEY, CA
523 PM PDT MON APR 23 2018


...................................

...THE MADERA CA CLIMATE SUMMARY FOR APRIL 23 2018...
VALID AS OF 0400 PM LOCAL TIME.

CLIMATE NORMAL PERIOD 1981 TO 2010
CLIMATE RECORD PERIOD 1998 TO 2018


WEATHER ITEM   OBSERVED TIME   RECORD YEAR NORMAL DEPARTURE LAST
                VALUE   (LST)  VALUE       VALUE  FROM      YEAR
                                                  NORMAL
..................................................................
TEMPERATURE (F)
 TODAY
  MAXIMUM         90R   252 PM  88    2002  77     13       76
  MINIMUM         53    535 AM  39    1999  46      7       52
  AVERAGE         72                        62     10       64

PRECIPITATION (IN)
  TODAY            0.00          0.01 2006   0.03  -0.03     0.00
  MONTH TO DATE    0.71                      0.75  -0.04     0.47
  SINCE OCT 1      7.22                     10.86  -3.64    14.17
  SINCE JAN 1      6.81                      7.13  -0.32    10.10

SNOWFALL (IN)
  TODAY            0.0
  MONTH TO DATE    0.0
  SINCE MAR 1      0.0
  SINCE JUL 1      0.0
  SNOW DEPTH       0

DEGREE DAYS
 HEATING
  TODAY            0                                         1
  MONTH TO DATE  107                                       108
  SINCE MAR 1    412                                       350
  SINCE JUL 1   2109                                      2029

 COOLING
  TODAY            7                                         0
  MONTH TO DATE   14                                         2
  SINCE MAR 1     16                                         8
  SINCE JAN 1     16                                         8
..................................................................


WIND (MPH)
  HIGHEST WIND SPEED    13   HIGHEST WIND DIRECTION    NW (330)
  HIGHEST GUST SPEED    15   HIGHEST GUST DIRECTION     W (290)
  AVERAGE WIND SPEED     3.6




RELATIVE HUMIDITY (PERCENT)
 HIGHEST   100
 LOWEST     26
 AVERAGE    63

..........................................................


THE MADERA CA CLIMATE NORMALS FOR TOMORROW
                         NORMAL    RECORD    YEAR
 MAXIMUM TEMPERATURE (F)   77        88      2013
 MINIMUM TEMPERATURE (F)   47        38      2008


SUNRISE AND SUNSET
APRIL 23 2018.........SUNRISE   616 AM PDT   SUNSET   742 PM PDT
APRIL 24 2018.........SUNRISE   614 AM PDT   SUNSET   743 PM PDT


-  INDICATES NEGATIVE NUMBERS.
R  INDICATES RECORD WAS SET OR TIED.
MM INDICATES DATA IS MISSING.
T  INDICATES TRACE AMOUNT.




$$
