000
CDUS44 KMAF 220731
CLIMAF


CLIMATE REPORT
NATIONAL WEATHER SERVICE MIDLAND TX
231 AM CDT SUN APR 22 2018


...................................

...THE MIDLAND CLIMATE SUMMARY FOR APRIL 21 2018...

CLIMATE NORMAL PERIOD 1981 TO 2010
CLIMATE RECORD PERIOD 1930 TO 2018


WEATHER ITEM   OBSERVED TIME   RECORD YEAR NORMAL DEPARTURE LAST
                VALUE   (LST)  VALUE       VALUE  FROM      YEAR
                                                  NORMAL
..................................................................
TEMPERATURE (F)
 YESTERDAY
  MAXIMUM         79    333 PM 101    1989  81     -2       91
  MINIMUM         52    757 AM  35    1933  51      1       61
  AVERAGE         66                        66      0       76

PRECIPITATION (IN)
  YESTERDAY        0.00          0.45 1987   0.02  -0.02     0.00
  MONTH TO DATE    0.00                      0.44  -0.44     2.48
  SINCE MAR 1      0.11                      1.04  -0.93     2.96
  SINCE JAN 1      0.16                      2.31  -2.15     4.80

SNOWFALL (IN)
  YESTERDAY        0.0
  MONTH TO DATE    0.0
  SINCE MAR 1      0.0
  SINCE JUL 1      T
  SNOW DEPTH       0

DEGREE DAYS
 HEATING
  YESTERDAY        0                         3     -3        0
  MONTH TO DATE   58                        95    -37       33
  SINCE MAR 1    207                       402   -195      149
  SINCE JUL 1   2138                      2639   -501     1649

 COOLING
  YESTERDAY        1                         4     -3       11
  MONTH TO DATE   58                        49      9      105
  SINCE MAR 1    126                        65     61      213
  SINCE JAN 1    133                        67     66      230
..................................................................


WIND (MPH)
  HIGHEST WIND SPEED    30   HIGHEST WIND DIRECTION    NW (330)
  HIGHEST GUST SPEED    41   HIGHEST GUST DIRECTION    NW (320)
  AVERAGE WIND SPEED    17.3


SKY COVER
  POSSIBLE SUNSHINE  MM
  AVERAGE SKY COVER 0.1


WEATHER CONDITIONS
 THE FOLLOWING WEATHER WAS RECORDED YESTERDAY.
  SANDSTORM


RELATIVE HUMIDITY (PERCENT)
 HIGHEST    90           400 AM
 LOWEST     15           200 PM
 AVERAGE    53

..........................................................


THE MIDLAND CLIMATE NORMALS FOR TODAY
                         NORMAL    RECORD    YEAR
 MAXIMUM TEMPERATURE (F)   81       100      1989
 MINIMUM TEMPERATURE (F)   51        36      1931


SUNRISE AND SUNSET
APRIL 22 2018.........SUNRISE   712 AM CDT   SUNSET   823 PM CDT
APRIL 23 2018.........SUNRISE   711 AM CDT   SUNSET   824 PM CDT


-  INDICATES NEGATIVE NUMBERS.
R  INDICATES RECORD WAS SET OR TIED.
MM INDICATES DATA IS MISSING.
T  INDICATES TRACE AMOUNT.




$$
