864
CDAK49 PAFG 210942
CLIMCG

CLIMATE REPORT
NATIONAL WEATHER SERVICE FAIRBANKS AK
142 AM AKDT SAT APR 21 2018


...................................

...THE MCGRATH AK CLIMATE SUMMARY FOR APRIL 20 2018...

CLIMATE NORMAL PERIOD 1981 TO 2010
CLIMATE RECORD PERIOD 1946 TO 2018


WEATHER ITEM   OBSERVED TIME   RECORD YEAR NORMAL DEPARTURE LAST
                VALUE   (LST)  VALUE       VALUE  FROM      YEAR
                                                  NORMAL
..................................................................
TEMPERATURE (F)
 YESTERDAY
  MAXIMUM         36    550 PM  57    2008  44     -8       48
                                      1999
                                      1978
  MINIMUM         24    558 AM -12    1961  23      1       20
  AVERAGE         30                        33     -3       34

PRECIPITATION (IN)
  YESTERDAY        0.00          0.22 1950   0.03  -0.03     0.00
  MONTH TO DATE    0.02                      0.48  -0.46     0.11
  SINCE MAR 1      1.01                      1.29  -0.28     0.11
  SINCE JAN 1      2.69                      3.32  -0.63     1.31

SNOWFALL (IN)
  YESTERDAY        0.0           2.8  2002   0.2   -0.2      0.0
  MONTH TO DATE    T                         4.0   -4.0      2.6
  SINCE MAR 1     18.1                      15.3    2.8      2.6
  SINCE JUL 1     80.6                      95.3  -14.7     51.3
  SNOW DEPTH      11

DEGREE DAYS
 HEATING
  YESTERDAY       35                        32      3       31
  MONTH TO DATE  677                       777   -100      618
  SINCE MAR 1   2119                      2432   -313     2541
  SINCE JUL 1  10621                     12664  -2043    12299

 COOLING
  YESTERDAY        0                         0      0        0
  MONTH TO DATE    0                         0      0        0
  SINCE MAR 1      0                         0      0        0
  SINCE JAN 1      0                         0      0        0
..................................................................


WIND (MPH)
  HIGHEST GUST SPEED    23   HIGHEST GUST DIRECTION     E (90)


SKY COVER
  AVERAGE SKY COVER 0.5


WEATHER CONDITIONS
 THE FOLLOWING WEATHER WAS RECORDED YESTERDAY.
  NO SIGNIFICANT WEATHER WAS OBSERVED.


RELATIVE HUMIDITY (PERCENT)
 HIGHEST    81
 LOWEST     35
 AVERAGE    58

..........................................................


THE MCGRATH AK CLIMATE NORMALS FOR TODAY
                         NORMAL    RECORD    YEAR
 MAXIMUM TEMPERATURE (F)   44        57      2014
                                             2007
 MINIMUM TEMPERATURE (F)   23        -9      1966


SUNRISE AND SUNSET
APRIL 21 2018.........SUNRISE   635 AM AKDT  SUNSET  1010 PM AKDT
APRIL 22 2018.........SUNRISE   632 AM AKDT  SUNSET  1013 PM AKDT

-  INDICATES NEGATIVE NUMBERS.
R  INDICATES RECORD WAS SET OR TIED.
MM INDICATES DATA IS MISSING.
T  INDICATES TRACE AMOUNT.

&&

SNOW DEPTH IS MEASURED AT 3AM AKST/4AM AKDT.

----------------------------
AVAILABLE DAYLIGHT

AMOUNT OF DAYLIGHT TODAY  (HOUR:MIN)........15:35
GAIN/LOSS SINCE YESTERDAY (HOUR:MIN:SEC)....+0:06:13

$$
SDB APR 18
