000
CDUS42 KFFC 270820
CLIMCN


CLIMATE REPORT
NATIONAL WEATHER SERVICE PEACHTREE CITY GA
418 AM EDT SUN MAY 27 2018


...................................

...THE MACON CLIMATE SUMMARY FOR MAY 26 2018...

CLIMATE NORMAL PERIOD 1981 TO 2010
CLIMATE RECORD PERIOD 1899 TO 2018


WEATHER ITEM   OBSERVED TIME   RECORD YEAR NORMAL DEPARTURE LAST
                VALUE   (LST)  VALUE       VALUE  FROM      YEAR
                                                  NORMAL
..................................................................
TEMPERATURE (F)
 YESTERDAY
  MAXIMUM         86    221 PM  98    1962  87     -1       86
  MINIMUM         70    416 AM  49    1979  63      7       52
  AVERAGE         78                        75      3       69

PRECIPITATION (IN)
  YESTERDAY        0.00          3.19 1923   0.10  -0.10     0.00
  MONTH TO DATE    5.40                      2.17   3.23     6.07
  SINCE MAR 1     13.04                      9.68   3.36    10.53
  SINCE JAN 1     18.67                     18.28   0.39    23.73

DEGREE DAYS
 HEATING
  YESTERDAY        0                         0      0        0
  MONTH TO DATE    1                        11    -10       15
  SINCE MAR 1    425                       393     32      293
  SINCE JUL 1   2076                      2318   -242     1480

 COOLING
  YESTERDAY       13                        10      3        4
  MONTH TO DATE  245                       175     70      172
  SINCE MAR 1    289                       256     33      372
  SINCE JAN 1    340                       259     81      383
..................................................................


WIND (MPH)
  RESULTANT WIND SPEED   3   RESULTANT WIND DIRECTION   S (160)
  HIGHEST WIND SPEED    17   HIGHEST WIND DIRECTION     E (100)
  HIGHEST GUST SPEED    21   HIGHEST GUST DIRECTION     E (100)
  AVERAGE WIND SPEED     3.8


SKY COVER
  AVERAGE SKY COVER 0.5


WEATHER CONDITIONS
 THE FOLLOWING WEATHER WAS RECORDED YESTERDAY.
  THUNDERSTORM
  FOG
  FOG W/VISIBILITY <= 1/4 MILE


RELATIVE HUMIDITY (PERCENT)
 HIGHEST   100          1200 AM
 LOWEST     61           200 PM
 AVERAGE    81

..........................................................


THE MACON CLIMATE NORMALS FOR TODAY
                         NORMAL    RECORD    YEAR
 MAXIMUM TEMPERATURE (F)   87        99      1953
 MINIMUM TEMPERATURE (F)   63        45      1961


SUNRISE AND SUNSET
MAY 27 2018...........SUNRISE   629 AM EDT   SUNSET   835 PM EDT
MAY 28 2018...........SUNRISE   629 AM EDT   SUNSET   835 PM EDT


-  INDICATES NEGATIVE NUMBERS.
R  INDICATES RECORD WAS SET OR TIED.
MM INDICATES DATA IS MISSING.
T  INDICATES TRACE AMOUNT.




$$
