000
CDUS42 KMLB 200646
CLIMCO


CLIMATE REPORT
NATIONAL WEATHER SERVICE MELBOURNE FL
235 AM EDT SUN MAY 20 2018


...................................

...THE ORLANDO INTL CLIMATE SUMMARY FOR MAY 19 2018...

CLIMATE NORMAL PERIOD 1981 TO 2010
CLIMATE RECORD PERIOD 1892 TO 2018


WEATHER ITEM   OBSERVED TIME   RECORD YEAR NORMAL DEPARTURE LAST
                VALUE   (LST)  VALUE       VALUE  FROM      YEAR
                                                  NORMAL
..................................................................
TEMPERATURE (F)
 YESTERDAY
  MAXIMUM         83    120 PM  98    1908  89     -6       90
  MINIMUM         69   1159 PM  51    1894  67      2       72
  AVERAGE         76                        78     -2       81

PRECIPITATION (IN)
  YESTERDAY        1.34          3.85 2009   0.11   1.23     0.01
  MONTH TO DATE    5.20                      1.59   3.61     0.32
  SINCE MAR 1      8.17                      8.04   0.13     0.42
  SINCE JAN 1     10.63                     12.77  -2.14     3.35

SNOWFALL (IN)
  YESTERDAY        0.0
  MONTH TO DATE    0.0
  SINCE JUL 1      0.0

DEGREE DAYS
 HEATING
  YESTERDAY        0                         0      0        0
  MONTH TO DATE    0                         0      0        0
  SINCE MAR 1     83                        71     12       40
  SINCE JUL 1    467                       570   -103      209

 COOLING
  YESTERDAY       11                        13     -2       16
  MONTH TO DATE  220                       211      9      213
  SINCE MAR 1    561                       528     33      666
  SINCE JAN 1    808                       632    176      867
..................................................................


WIND (MPH)
  HIGHEST WIND SPEED    24   HIGHEST WIND DIRECTION    SE (150)
  HIGHEST GUST SPEED    27   HIGHEST GUST DIRECTION    SE (150)
  AVERAGE WIND SPEED     8.1


SKY COVER
  AVERAGE SKY COVER 1.0


WEATHER CONDITIONS
 THE FOLLOWING WEATHER WAS RECORDED YESTERDAY.
  THUNDERSTORM
  HEAVY RAIN
  RAIN
  LIGHT RAIN
  FOG


RELATIVE HUMIDITY (PERCENT)
 HIGHEST   100           100 AM
 LOWEST     69           100 PM
 AVERAGE    85

..........................................................


THE ORLANDO INTL CLIMATE NORMALS FOR TODAY
                         NORMAL    RECORD    YEAR
 MAXIMUM TEMPERATURE (F)   89        96      1935
 MINIMUM TEMPERATURE (F)   67        51      1894


SUNRISE AND SUNSET
MAY 20 2018...........SUNRISE   632 AM EDT   SUNSET   812 PM EDT
MAY 21 2018...........SUNRISE   632 AM EDT   SUNSET   812 PM EDT


-  INDICATES NEGATIVE NUMBERS.
R  INDICATES RECORD WAS SET OR TIED.
MM INDICATES DATA IS MISSING.
T  INDICATES TRACE AMOUNT.




$$
