000
CDUS44 KMEG 240644
CLIMEM


CLIMATE REPORT
NATIONAL WEATHER SERVICE MEMPHIS TN
143 AM CDT THU MAY 24 2018


...................................

...THE MEMPHIS CLIMATE SUMMARY FOR MAY 23 2018...

CLIMATE NORMAL PERIOD 1981 TO 2010
CLIMATE RECORD PERIOD 1872 TO 2018


WEATHER ITEM   OBSERVED TIME   RECORD YEAR NORMAL DEPARTURE LAST
                VALUE   (LST)  VALUE       VALUE  FROM      YEAR
                                                  NORMAL
..................................................................
TEMPERATURE (F)
 YESTERDAY
  MAXIMUM         90    204 PM  92    1996  83      7       80
  MINIMUM         71    523 AM  44    1963  64      7       62
  AVERAGE         81                        74      7       71

PRECIPITATION (IN)
  YESTERDAY        0.00          1.49 1952   0.16  -0.16     0.04
  MONTH TO DATE    2.07                      4.01  -1.94     2.19
  SINCE MAR 1     14.37                     14.67  -0.30    11.16
  SINCE JAN 1     31.82                     23.04   8.78    16.82

SNOWFALL (IN)
  YESTERDAY        0.0          MM      MM   0.0    0.0      0.0
  MONTH TO DATE    0.0                       0.0    0.0      0.0
  SINCE MAR 1      0.0                       0.4   -0.4       T
  SINCE JUL 1      2.5                       3.8   -1.3      2.0
  SNOW DEPTH       0

DEGREE DAYS
 HEATING
  YESTERDAY        0                         0      0        0
  MONTH TO DATE    0                        17    -17       21
  SINCE MAR 1    599                       512     87      358
  SINCE JUL 1   3018                      2962     56     2057

 COOLING
  YESTERDAY       16                         9      7        6
  MONTH TO DATE  272                       146    126      137
  SINCE MAR 1    288                       238     50      289
  SINCE JAN 1    302                       241     61      311
..................................................................


WIND (MPH)
  HIGHEST WIND SPEED    14   HIGHEST WIND DIRECTION     W (280)
  HIGHEST GUST SPEED    19   HIGHEST GUST DIRECTION     E (110)
  AVERAGE WIND SPEED     4.0


SKY COVER
  POSSIBLE SUNSHINE  MM
  AVERAGE SKY COVER 0.8


WEATHER CONDITIONS
 THE FOLLOWING WEATHER WAS RECORDED YESTERDAY.
  NO SIGNIFICANT WEATHER WAS OBSERVED.


RELATIVE HUMIDITY (PERCENT)
 HIGHEST    93          1200 AM
 LOWEST     51           400 PM
 AVERAGE    72

..........................................................


THE MEMPHIS CLIMATE NORMALS FOR TODAY
                         NORMAL    RECORD    YEAR
 MAXIMUM TEMPERATURE (F)   83        93      1996
 MINIMUM TEMPERATURE (F)   65        47      1925


SUNRISE AND SUNSET
MAY 24 2018...........SUNRISE   550 AM CDT   SUNSET   804 PM CDT
MAY 25 2018...........SUNRISE   550 AM CDT   SUNSET   804 PM CDT


-  INDICATES NEGATIVE NUMBERS.
R  INDICATES RECORD WAS SET OR TIED.
MM INDICATES DATA IS MISSING.
T  INDICATES TRACE AMOUNT.


$$
