000
CDUS43 KIND 210531
CLIMIE


CLIMATE REPORT
NATIONAL WEATHER SERVICE INDIANAPOLIS IN
131 AM EDT MON MAY 21 2018


...................................

...THE MUNCIE IN CLIMATE SUMMARY FOR MAY 20 2018...

CLIMATE NORMAL PERIOD 1981 TO 2010
CLIMATE RECORD PERIOD 9999 TO 9999


WEATHER ITEM   OBSERVED TIME   NORMAL DEPARTURE LAST
                VALUE   (LST)  VALUE  FROM      YEAR
                                      NORMAL
......................................................
TEMPERATURE (F)
 YESTERDAY
  MAXIMUM         80    358 PM  73      7       76
  MINIMUM         59    501 AM  53      6       53
  AVERAGE         70            63      7       65

PRECIPITATION (IN)
  YESTERDAY        0.00          0.15  -0.15     0.01
  MONTH TO DATE    0.48          2.72  -2.24     2.90
  SINCE MAR 1      8.19          9.34  -1.15    13.20
  SINCE JAN 1     13.58         13.88  -0.30    18.91

DEGREE DAYS
 HEATING
  YESTERDAY        0             4     -4        0
  MONTH TO DATE    8           131   -123      144
  SINCE MAR 1   1405          1340     65     1063
  SINCE JUL 1   5355          5723   -368     4351

 COOLING
  YESTERDAY        5             3      2        0
  MONTH TO DATE  103            31     72       52
  SINCE MAR 1    112            46     66       86
  SINCE JAN 1    116            46     70       86
......................................................


WIND (MPH)
  HIGHEST WIND SPEED    14   HIGHEST WIND DIRECTION     N (10)
  HIGHEST GUST SPEED    17   HIGHEST GUST DIRECTION     N (360)
  AVERAGE WIND SPEED     5.2


SKY COVER
  AVERAGE SKY COVER 0.2


WEATHER CONDITIONS
 THE FOLLOWING WEATHER WAS RECORDED YESTERDAY.
  FOG
  HAZE


RELATIVE HUMIDITY (PERCENT)
 HIGHEST    93           100 AM
 LOWEST     62           200 PM
 AVERAGE    78

..........................................................


THE MUNCIE IN CLIMATE NORMALS FOR TODAY
                         NORMAL
 MAXIMUM TEMPERATURE (F)   74
 MINIMUM TEMPERATURE (F)   53


SUNRISE AND SUNSET
MAY 21 2018...........SUNRISE   621 AM EDT   SUNSET   856 PM EDT
MAY 22 2018...........SUNRISE   620 AM EDT   SUNSET   857 PM EDT


-  INDICATES NEGATIVE NUMBERS.
R  INDICATES RECORD WAS SET OR TIED.
MM INDICATES DATA IS MISSING.
T  INDICATES TRACE AMOUNT.




$$
