000
CDUS44 KMOB 240645
CLIMOB


CLIMATE REPORT
NATIONAL WEATHER SERVICE MOBILE AL
145 AM CDT THU MAY 24 2018


...................................

...THE MOBILE CLIMATE SUMMARY FOR MAY 23 2018...

CLIMATE NORMAL PERIOD 1981 TO 2010
CLIMATE RECORD PERIOD 1842 TO 2018


WEATHER ITEM   OBSERVED TIME   RECORD YEAR NORMAL DEPARTURE LAST
                VALUE   (LST)  VALUE       VALUE  FROM      YEAR
                                                  NORMAL
..................................................................
TEMPERATURE (F)
 YESTERDAY
  MAXIMUM         88    228 PM  95    1996  86      2       83
                                      1972
                                      1920
  MINIMUM         71    522 AM  47    1883  66      5       70
  AVERAGE         80                        76      4       77

PRECIPITATION (IN)
  YESTERDAY        0.54          4.33 1957   0.17   0.37     1.71
  MONTH TO DATE    2.62                      3.75  -1.13    10.29
  SINCE MAR 1      9.40                     14.68  -5.28    19.19
  SINCE JAN 1     18.98                     25.45  -6.47    31.40

DEGREE DAYS
 COOLING
  YESTERDAY       15                        11      4       12
  MONTH TO DATE  271                       192     79      183
  SINCE MAR 1    385                       335     50      443
  SINCE JAN 1    492                       351    141      518
..................................................................


WIND (MPH)
  HIGHEST WIND SPEED    15   HIGHEST WIND DIRECTION    NE (30)
  HIGHEST GUST SPEED    18   HIGHEST GUST DIRECTION    NE (30)
  AVERAGE WIND SPEED     3.6


SKY COVER
  POSSIBLE SUNSHINE  MM
  AVERAGE SKY COVER 0.5


WEATHER CONDITIONS
 THE FOLLOWING WEATHER WAS RECORDED YESTERDAY.
  THUNDERSTORM
  RAIN
  LIGHT RAIN


RELATIVE HUMIDITY (PERCENT)
 HIGHEST    93          1200 AM
 LOWEST     57          1100 AM
 AVERAGE    75

..........................................................


THE MOBILE CLIMATE NORMALS FOR TODAY
                         NORMAL    RECORD    YEAR
 MAXIMUM TEMPERATURE (F)   86        97      2005
                                             1878
 MINIMUM TEMPERATURE (F)   66        52      1951
                                             1883


SUNRISE AND SUNSET
MAY 24 2018...........SUNRISE   553 AM CDT   SUNSET   747 PM CDT
MAY 25 2018...........SUNRISE   553 AM CDT   SUNSET   747 PM CDT


-  INDICATES NEGATIVE NUMBERS.
R  INDICATES RECORD WAS SET OR TIED.
MM INDICATES DATA IS MISSING.
T  INDICATES TRACE AMOUNT.




$$
