385
CDUS46 KSTO 210840
CLIMOD


CLIMATE REPORT
NATIONAL WEATHER SERVICE SACRAMENTO, CA
140 AM PDT SAT APR 21 2018


...................................

...THE MODESTO CA CLIMATE SUMMARY FOR APRIL 20 2018...

CLIMATE NORMAL PERIOD 1981 TO 2010
CLIMATE RECORD PERIOD 1931 TO 2018


WEATHER ITEM   OBSERVED TIME   RECORD YEAR NORMAL DEPARTURE LAST
                VALUE   (LST)  VALUE       VALUE  FROM      YEAR
                                                  NORMAL
..................................................................
TEMPERATURE (F)
 YESTERDAY
  MAXIMUM         79    350 PM  97    2009  76      3       73
  MINIMUM         46    556 AM  35    1967  50     -4       55
  AVERAGE         63

PRECIPITATION (IN)
  YESTERDAY        0.00          0.80 2010   0.03  -0.03      T
  MONTH TO DATE    2.22                      0.70   1.52     1.48
  SINCE OCT 1      8.00                     11.81  -3.81    16.78
  SINCE JAN 1      6.97                      7.73  -0.76    11.75

SNOWFALL (IN)
  YESTERDAY        0.0          MM      MM
  MONTH TO DATE    0.0
  SINCE MAR 1      0.0
  SINCE JUL 1      0.0
  SNOW DEPTH       0

DEGREE DAYS
 HEATING
  YESTERDAY        2                         4     -2        1
  MONTH TO DATE   89                       101    -12       81
  SINCE MAR 1    393                       338     55      261
  SINCE JUL 1   1971                      2106   -135     1777

 COOLING
  YESTERDAY        0                         2     -2        0
  MONTH TO DATE    4                        17    -13        1
  SINCE MAR 1      7                        22    -15        7
  SINCE JAN 1      7                        22    -15        7
..................................................................


WIND (MPH)
  RESULTANT WIND SPEED   6   RESULTANT WIND DIRECTION  NW (330)
  HIGHEST WIND SPEED    18   HIGHEST WIND DIRECTION    NW (320)
  HIGHEST GUST SPEED    24   HIGHEST GUST DIRECTION    NW (300)


SKY COVER
  POSSIBLE SUNSHINE  MM
  AVERAGE SKY COVER 0.0


WEATHER CONDITIONS
 THE FOLLOWING WEATHER WAS RECORDED YESTERDAY.
  NO SIGNIFICANT WEATHER WAS OBSERVED.


RELATIVE HUMIDITY (PERCENT)
 HIGHEST    93           600 AM
 LOWEST     27           500 PM
 AVERAGE    60

..........................................................


THE MODESTO CA CLIMATE NORMALS FOR TODAY
                         NORMAL    RECORD    YEAR
 MAXIMUM TEMPERATURE (F)   76        98      2009
 MINIMUM TEMPERATURE (F)   50        33      1932


SUNRISE AND SUNSET
APRIL 21 2018.........SUNRISE   621 AM PDT   SUNSET   745 PM PDT
APRIL 22 2018.........SUNRISE   619 AM PDT   SUNSET   746 PM PDT


-  INDICATES NEGATIVE NUMBERS.
R  INDICATES RECORD WAS SET OR TIED.
MM INDICATES DATA IS MISSING.
T  INDICATES TRACE AMOUNT.




$$
