000
CDUS41 KPHI 232137
CLIMPO


CLIMATE REPORT
NATIONAL WEATHER SERVICE MOUNT HOLLY NJ
536 PM EDT WED MAY 23 2018


...................................

...THE MOUNT POCONO PA CLIMATE SUMMARY FOR MAY 23 2018...
VALID TODAY AS OF 0500 PM LOCAL TIME.

CLIMATE NORMAL PERIOD 1981 TO 2010
CLIMATE RECORD PERIOD 1901 TO 2018


WEATHER ITEM   OBSERVED TIME   RECORD YEAR NORMAL DEPARTURE LAST
                VALUE   (LST)  VALUE       VALUE  FROM      YEAR
                                                  NORMAL
..................................................................
TEMPERATURE (F)
 TODAY
  MAXIMUM         72    357 PM  89    1911  67      5       62
  MINIMUM         55   1207 AM  30    1993  47      8       47
  AVERAGE         64                        57      7       55

PRECIPITATION (IN)
  TODAY            0.34          2.20 1942   0.18   0.16     0.00
  MONTH TO DATE    6.68                      3.02   3.66     2.95
  SINCE MAR 1     13.58                     10.87   2.71    10.80
  SINCE JAN 1     23.21                     16.13   7.08    15.76

DEGREE DAYS
 HEATING
  TODAY            1                         9     -8       10
  MONTH TO DATE  159                       261   -102      309
  SINCE MAR 1   2040                      1832    208     1854
  SINCE JUL 1   7001                      6955     46     6457

 COOLING
  TODAY            0                         1     -1        0
  MONTH TO DATE   17                         5     12       15
  SINCE MAR 1     17                         9      8       18
  SINCE JAN 1     17                         9      8       18
..................................................................


WIND (MPH)
  HIGHEST WIND SPEED    23   HIGHEST WIND DIRECTION    NW (320)
  HIGHEST GUST SPEED    29   HIGHEST GUST DIRECTION    NW (310)
  AVERAGE WIND SPEED    12.5


SKY COVER
  POSSIBLE SUNSHINE  MM
  AVERAGE SKY COVER 0.7


WEATHER CONDITIONS
 THE FOLLOWING WEATHER WAS RECORDED TODAY.
  RAIN
  LIGHT RAIN
  FOG


RELATIVE HUMIDITY (PERCENT)
 HIGHEST   100          1200 AM
 LOWEST     49           300 PM
 AVERAGE    75

..........................................................


THE MOUNT POCONO PA CLIMATE NORMALS FOR TOMORROW
                         NORMAL    RECORD    YEAR
 MAXIMUM TEMPERATURE (F)   67        84      1992
 MINIMUM TEMPERATURE (F)   47        26      1905


SUNRISE AND SUNSET
MAY 23 2018...........SUNRISE   537 AM EDT   SUNSET   821 PM EDT
MAY 24 2018...........SUNRISE   536 AM EDT   SUNSET   821 PM EDT


-  INDICATES NEGATIVE NUMBERS.
R  INDICATES RECORD WAS SET OR TIED.
MM INDICATES DATA IS MISSING.
T  INDICATES TRACE AMOUNT.




$$
