632
CDUS41 KBTV 220535
CLIMPV


CLIMATE REPORT
NATIONAL WEATHER SERVICE BURLINGTON VT
134 AM EDT TUE MAY 22 2018


...................................

...THE MONTPELIER VT CLIMATE SUMMARY FOR MAY 21 2018...

CLIMATE NORMAL PERIOD 1981 TO 2010
CLIMATE RECORD PERIOD 1948 TO 2018


WEATHER ITEM   OBSERVED TIME   RECORD YEAR NORMAL DEPARTURE LAST
                VALUE   (LST)  VALUE       VALUE  FROM      YEAR
                                                  NORMAL
..................................................................
TEMPERATURE (F)
 YESTERDAY
  MAXIMUM         74    421 PM  86    2009  67      7       68
                                      1977
  MINIMUM         39    423 AM  26    1964  44     -5       33
  AVERAGE         57                        55      2       51

PRECIPITATION (IN)
  YESTERDAY        0.00          1.84        0.10  -0.10     0.01
  MONTH TO DATE    1.78                      2.20  -0.42     3.36
  SINCE MAR 1      9.88                      7.25   2.63     9.17
  SINCE JAN 1     14.16                     11.74   2.42    13.09

DEGREE DAYS
 HEATING
  YESTERDAY        8                        10     -2       14
  MONTH TO DATE  190                       271    -81      306
  SINCE MAR 1   2193                      2067    126     2141
  SINCE JUL 1   7848                      7975   -127     7362

 COOLING
  YESTERDAY        0                         0      0        0
  MONTH TO DATE    1                         0      1       14
  SINCE MAR 1      1                         1      0       17
  SINCE JAN 1      1                         1      0       17
..................................................................


WIND (MPH)
  HIGHEST WIND SPEED    18   HIGHEST WIND DIRECTION    NW (300)
  HIGHEST GUST SPEED    26   HIGHEST GUST DIRECTION     W (260)
  AVERAGE WIND SPEED     5.8


SKY COVER
  AVERAGE SKY COVER 0.0


WEATHER CONDITIONS
 THE FOLLOWING WEATHER WAS RECORDED YESTERDAY.
  NO SIGNIFICANT WEATHER WAS OBSERVED.


RELATIVE HUMIDITY (PERCENT)
 HIGHEST   100           200 AM
 LOWEST     31           200 PM
 AVERAGE    66

..........................................................


THE MONTPELIER VT CLIMATE NORMALS FOR TODAY
                         NORMAL    RECORD    YEAR
 MAXIMUM TEMPERATURE (F)   68        90      1994
 MINIMUM TEMPERATURE (F)   44        29      2002


SUNRISE AND SUNSET
MAY 22 2018...........SUNRISE   517 AM EDT   SUNSET   818 PM EDT
MAY 23 2018...........SUNRISE   516 AM EDT   SUNSET   819 PM EDT


-  INDICATES NEGATIVE NUMBERS.
R  INDICATES RECORD WAS SET OR TIED.
MM INDICATES DATA IS MISSING.
T  INDICATES TRACE AMOUNT.




$$
