000
CDUS43 KMPX 220638
CLIMPX


CLIMATE REPORT
NATIONAL WEATHER SERVICE CHANHASSEN MN
135 AM CDT TUE MAY 22 2018


...................................

...THE CHANHASSEN MN CLIMATE SUMMARY FOR MAY 21 2018...

CLIMATE NORMAL PERIOD 1981 TO 2010
CLIMATE RECORD PERIOD 1995 TO 2018


WEATHER ITEM   OBSERVED TIME   RECORD YEAR NORMAL DEPARTURE LAST
                VALUE   (LST)  VALUE       VALUE  FROM      YEAR
                                                  NORMAL
..................................................................
TEMPERATURE (F)
 YESTERDAY
  MAXIMUM         70        MM  MM      MM  70      0       50
  MINIMUM         56        MM  MM      MM  49      7       40
  AVERAGE         63                        60      3       45

PRECIPITATION (IN)
  YESTERDAY        0.00         MM      MM   0.12  -0.12     0.02
  MONTH TO DATE    1.31                      2.45  -1.14     4.95
  SINCE MAR 1      5.19                      7.23  -2.04    10.65
  SINCE JAN 1      7.89                      9.04  -1.15    12.25

SNOWFALL (IN)
  YESTERDAY        0.0          MM      MM   0.0    0.0      0.0
  MONTH TO DATE    0.0                       0.3   -0.3       T
  SINCE MAR 1     38.7                      14.5   24.2      6.1
  SINCE JUL 1     80.2                      54.2   26.0     38.5
  SNOW DEPTH       0

DEGREE DAYS
 HEATING
  YESTERDAY        2                         7     -5       20
  MONTH TO DATE  107                       193    -86      212
  SINCE MAR 1   2092                      1797    295     1726
  SINCE JUL 1   8196                      7812    384     6795

 COOLING
  YESTERDAY        0                         1     -1        0
  MONTH TO DATE   17                        15      2       11
  SINCE MAR 1     19                        18      1       11
  SINCE JAN 1     19                        18      1       11
..................................................................


WIND (MPH)
  HIGHEST WIND SPEED    MM   HIGHEST WIND DIRECTION    MM
  HIGHEST GUST SPEED    MM   HIGHEST GUST DIRECTION    MM
  AVERAGE WIND SPEED    MM


SKY COVER
  POSSIBLE SUNSHINE  MM
  AVERAGE SKY COVER  MM


WEATHER CONDITIONS
 THE FOLLOWING WEATHER WAS RECORDED YESTERDAY.
  NO SIGNIFICANT WEATHER WAS OBSERVED.


RELATIVE HUMIDITY (PERCENT)
 HIGHEST    MM
 LOWEST     MM
 AVERAGE    MM

..........................................................


THE CHANHASSEN MN CLIMATE NORMALS FOR TODAY
                         NORMAL    RECORD    YEAR
 MAXIMUM TEMPERATURE (F)   70        MM        MM
 MINIMUM TEMPERATURE (F)   50        MM        MM


SUNRISE AND SUNSET
MAY 22 2018...........SUNRISE   539 AM CDT   SUNSET   844 PM CDT
MAY 23 2018...........SUNRISE   538 AM CDT   SUNSET   845 PM CDT


-  INDICATES NEGATIVE NUMBERS.
R  INDICATES RECORD WAS SET OR TIED.
MM INDICATES DATA IS MISSING.
T  INDICATES TRACE AMOUNT.




$$
