000
CDUS43 KILX 190640
CLIMTO


CLIMATE REPORT
NATIONAL WEATHER SERVICE LINCOLN IL
138 AM CDT THU APR 19 2018


...................................

...THE MATTOON IL AIRPORT CLIMATE SUMMARY FOR APRIL 18 2018...

CLIMATE NORMAL PERIOD 1981 TO 2010
CLIMATE RECORD PERIOD 9999 TO 9999


WEATHER ITEM   OBSERVED TIME   RECORD YEAR NORMAL DEPARTURE LAST
                VALUE   (LST)  VALUE       VALUE  FROM      YEAR
                                                  NORMAL
..................................................................
TEMPERATURE (F)
 YESTERDAY
  MAXIMUM         66    103 PM  MM      MM  65      1       75
  MINIMUM         33   1155 PM  MM      MM  44    -11       50
  AVERAGE         50                        54     -4       63

PRECIPITATION (IN)
  YESTERDAY        T            MM      MM   0.11  -0.11     0.00
  MONTH TO DATE    5.30                      1.80   3.50     1.50
  SINCE MAR 1      8.50                      4.37   4.13     2.91
  SINCE JAN 1     11.92                      8.35   3.57     4.74

DEGREE DAYS
 HEATING
  YESTERDAY       15                        11      4        2
  MONTH TO DATE  403                       254    149      154
  SINCE MAR 1   1197                       953    244      802
  SINCE JUL 1   5290                      5157    133     4183

 COOLING
  YESTERDAY        0                         0      0        0
  MONTH TO DATE    0                         0      0       10
  SINCE MAR 1      0                         1     -1       10
  SINCE JAN 1      0                         1     -1       10
..................................................................


WIND (MPH)
  HIGHEST WIND SPEED    39   HIGHEST WIND DIRECTION     W (290)
  HIGHEST GUST SPEED    50   HIGHEST GUST DIRECTION     W (290)
  AVERAGE WIND SPEED    19.6


SKY COVER
  POSSIBLE SUNSHINE  MM
  AVERAGE SKY COVER 0.4


WEATHER CONDITIONS
 THE FOLLOWING WEATHER WAS RECORDED YESTERDAY.
  LIGHT RAIN
  LIGHT SNOW
  FOG


RELATIVE HUMIDITY (PERCENT)
 HIGHEST    76          1200 AM
 LOWEST     54           400 PM
 AVERAGE    65

..........................................................


THE MATTOON IL AIRPORT CLIMATE NORMALS FOR TODAY
                         NORMAL    RECORD    YEAR
 MAXIMUM TEMPERATURE (F)   65        MM        MM
 MINIMUM TEMPERATURE (F)   45        MM        MM


SUNRISE AND SUNSET
APRIL 19 2018.........SUNRISE   610 AM CDT   SUNSET   735 PM CDT
APRIL 20 2018.........SUNRISE   609 AM CDT   SUNSET   736 PM CDT


-  INDICATES NEGATIVE NUMBERS.
R  INDICATES RECORD WAS SET OR TIED.
MM INDICATES DATA IS MISSING.
T  INDICATES TRACE AMOUNT.




$$
