000
CDUS41 KBTV 220550
CLIMVL


CLIMATE REPORT
NATIONAL WEATHER SERVICE BURLINGTON VT
149 AM EDT SUN APR 22 2018


...................................

...THE MORRISVILLE VT CLIMATE SUMMARY FOR APRIL 21 2018...

CLIMATE NORMAL PERIOD 1981 TO 2010
CLIMATE RECORD PERIOD 9999 TO 9999


WEATHER ITEM   OBSERVED TIME   NORMAL DEPARTURE LAST
                VALUE   (LST)  VALUE  FROM      YEAR
                                      NORMAL
......................................................
TEMPERATURE (F)
 YESTERDAY
  MAXIMUM         50    440 PM  57     -7       45
  MINIMUM         25   1147 PM  32     -7       40
  AVERAGE         38            45     -7       43

PRECIPITATION (IN)
  YESTERDAY        0.00          0.08  -0.08     0.50
  MONTH TO DATE    2.56          1.73   0.83     3.31
  SINCE MAR 1      5.05          3.40   1.65     4.31
  SINCE JAN 1     10.14          7.68   2.46     7.38

DEGREE DAYS
 HEATING
  YESTERDAY       27            20      7       22
  MONTH TO DATE  643           528    115      444
  SINCE MAR 1   1817          1655    162     1752
  SINCE JUL 1   7422          7615   -193     6975

 COOLING
  YESTERDAY        0             0      0        0
  MONTH TO DATE    0             0      0        0
  SINCE MAR 1      0             0      0        0
  SINCE JAN 1      0             0      0        0
......................................................


WIND (MPH)
  HIGHEST WIND SPEED    18   HIGHEST WIND DIRECTION    NW (320)
  HIGHEST GUST SPEED    28   HIGHEST GUST DIRECTION    NW (320)
  AVERAGE WIND SPEED     5.4


SKY COVER
  AVERAGE SKY COVER 0.3


WEATHER CONDITIONS
 THE FOLLOWING WEATHER WAS RECORDED YESTERDAY.
  NO SIGNIFICANT WEATHER WAS OBSERVED.


RELATIVE HUMIDITY (PERCENT)
 HIGHEST    85           400 AM
 LOWEST     34           200 PM
 AVERAGE    60

..........................................................


THE MORRISVILLE VT CLIMATE NORMALS FOR TODAY
                         NORMAL    RECORD    YEAR
 MAXIMUM TEMPERATURE (F)   58        85      1987
 MINIMUM TEMPERATURE (F)   33        20      2013


SUNRISE AND SUNSET
APRIL 22 2018.........SUNRISE   555 AM EDT   SUNSET   744 PM EDT
APRIL 23 2018.........SUNRISE   553 AM EDT   SUNSET   745 PM EDT


-  INDICATES NEGATIVE NUMBERS.
R  INDICATES RECORD WAS SET OR TIED.
MM INDICATES DATA IS MISSING.
T  INDICATES TRACE AMOUNT.




$$
