000
CDUS45 KBOI 220931
CLIMYL


CLIMATE REPORT
NATIONAL WEATHER SERVICE BOISE ID
331 AM MDT SUN APR 22 2018


...................................

...THE MCCALL ID CLIMATE SUMMARY FOR APRIL 21 2018...

CLIMATE NORMAL PERIOD 1981 TO 2010
CLIMATE RECORD PERIOD 1930 TO 2018


WEATHER ITEM   OBSERVED TIME   RECORD YEAR NORMAL DEPARTURE LAST
                VALUE   (LST)  VALUE       VALUE  FROM      YEAR
                                                  NORMAL
..................................................................
TEMPERATURE (F)
 YESTERDAY
  MAXIMUM         60    251 PM  78    1994  50     10       52
  MINIMUM         32    523 AM   5    1928  26      6       25
  AVERAGE         46                        38      8       39

PRECIPITATION (IN)
  YESTERDAY        0.00          0.86 1990   0.06  -0.06     0.00
  MONTH TO DATE    2.55                      1.36   1.19     2.52
  SINCE OCT 1     18.13                     13.21   4.92    25.19
  SINCE JAN 1     11.28                      7.03   4.25    16.70

DEGREE DAYS
 HEATING
  YESTERDAY       19                        27     -8       26
  MONTH TO DATE  579                       621    -42      580
  SINCE MAR 1   1672                      1735    -63     1536
  SINCE JUL 1   7515                      8410   -895     7739

 COOLING
  YESTERDAY        0                         0      0        0
  MONTH TO DATE    0                         0      0        0
  SINCE MAR 1      0                         0      0        0
  SINCE JAN 1      0                         0      0        0
..................................................................


WIND (MPH)
  HIGHEST WIND SPEED    16   HIGHEST WIND DIRECTION    SW (220)
  HIGHEST GUST SPEED    20   HIGHEST GUST DIRECTION     W (270)
  AVERAGE WIND SPEED     4.0


SKY COVER
  AVERAGE SKY COVER 0.3


WEATHER CONDITIONS
 THE FOLLOWING WEATHER WAS RECORDED YESTERDAY.
  NO SIGNIFICANT WEATHER WAS OBSERVED.


RELATIVE HUMIDITY (PERCENT)
 HIGHEST    82           400 AM
 LOWEST     28           400 PM
 AVERAGE    55

..........................................................


THE MCCALL ID CLIMATE NORMALS FOR TODAY
                         NORMAL    RECORD    YEAR
 MAXIMUM TEMPERATURE (F)   51        77      2012
 MINIMUM TEMPERATURE (F)   27        12      2011


SUNRISE AND SUNSET
APRIL 22 2018.........SUNRISE   648 AM MDT   SUNSET   839 PM MDT
APRIL 23 2018.........SUNRISE   646 AM MDT   SUNSET   840 PM MDT


-  INDICATES NEGATIVE NUMBERS.
R  INDICATES RECORD WAS SET OR TIED.
MM INDICATES DATA IS MISSING.
T  INDICATES TRACE AMOUNT.




$$
