000
CDUS43 KDDC 260708
CLIP28


CLIMATE REPORT
NATIONAL WEATHER SERVICE DODGE CITY KS
207 AM CDT THU APR 26 2018


...................................

...THE MEDICINE LODGE KS CLIMATE SUMMARY FOR APRIL 25 2018...

CLIMATE NORMAL PERIOD 1981 TO 2010
CLIMATE RECORD PERIOD 1893 TO 2018


WEATHER ITEM   OBSERVED TIME   RECORD YEAR NORMAL DEPARTURE LAST
                VALUE   (LST)  VALUE       VALUE  FROM      YEAR
                                                  NORMAL
..................................................................
TEMPERATURE (F)
 YESTERDAY
  MAXIMUM         55    557 PM  96    2012  72    -17       73
  MINIMUM         38   1122 PM  29    1910  47     -9       46
  AVERAGE         47                        59    -12       60

PRECIPITATION (IN)
  YESTERDAY        0.45          1.55 1965   0.09   0.36     0.03
  MONTH TO DATE    1.39                      1.93  -0.54     2.35
  SINCE MAR 1      2.41                      4.19  -1.78     4.58
  SINCE JAN 1      2.79                      5.94  -3.15     8.50

SNOWFALL (IN)
  YESTERDAY       MM            MM      MM   0.0             0.0
  MONTH TO DATE    0.0                       0.0             0.0
  SINCE MAR 1      0.0                       0.1             0.0
  SINCE JUL 1      T                         8.5             1.4
  SNOW DEPTH       0

DEGREE DAYS
 HEATING
  YESTERDAY       18                         7     11        5
  MONTH TO DATE  413                       260    153      175
  SINCE MAR 1    904                       828     76      619
  SINCE JUL 1   4283                      4357    -74     3620

 COOLING
  YESTERDAY        0                         1     -1        0
  MONTH TO DATE   17                        17      0       28
  SINCE MAR 1     17                        19     -2       40
  SINCE JAN 1     17                        19     -2       40
..................................................................


WIND (MPH)
  HIGHEST WIND SPEED    22   HIGHEST WIND DIRECTION     N (340)
  HIGHEST GUST SPEED    30   HIGHEST GUST DIRECTION    NW (320)
  AVERAGE WIND SPEED    11.9




RELATIVE HUMIDITY (PERCENT)
 HIGHEST   100           300 AM
 LOWEST     59           400 PM
 AVERAGE    80

..........................................................


THE MEDICINE LODGE KS CLIMATE NORMALS FOR TODAY
                         NORMAL    RECORD    YEAR
 MAXIMUM TEMPERATURE (F)   72        97      1899
                                             1956
 MINIMUM TEMPERATURE (F)   48        26      1907


SUNRISE AND SUNSET
APRIL 26 2018.........SUNRISE   645 AM CDT   SUNSET   819 PM CDT
APRIL 27 2018.........SUNRISE   644 AM CDT   SUNSET   820 PM CDT


-  INDICATES NEGATIVE NUMBERS.
R  INDICATES RECORD WAS SET OR TIED.
MM INDICATES DATA IS MISSING.
T  INDICATES TRACE AMOUNT.




$$
