000
CDUS44 KLZK 220641
CLIPBF


CLIMATE REPORT
NATIONAL WEATHER SERVICE LITTLE ROCK AR
140 AM CDT SUN APR 22 2018


...................................

...THE PINE BLUFF CLIMATE SUMMARY FOR APRIL 21 2018...

CLIMATE NORMAL PERIOD 1981 TO 2010
CLIMATE RECORD PERIOD 1883 TO 2018


WEATHER ITEM   OBSERVED TIME   RECORD YEAR NORMAL DEPARTURE LAST
                VALUE   (LST)  VALUE       VALUE  FROM      YEAR
                                                  NORMAL
..................................................................
TEMPERATURE (F)
 YESTERDAY
  MAXIMUM         73   1231 PM  93    1925  76     -3       80
  MINIMUM         45    422 AM  38    1953  53     -8       64
  AVERAGE         59                        64     -5       72

PRECIPITATION (IN)
  YESTERDAY        0.65          4.30 1927   0.17   0.48     0.09
  MONTH TO DATE    6.84                      3.44   3.40     3.37
  SINCE MAR 1     12.52                      8.84   3.68     6.47
  SINCE JAN 1     30.34                     16.66  13.68    12.77

SNOWFALL (IN)
  YESTERDAY        0.0          MM      MM   0.0    0.0      0.0
  MONTH TO DATE    T                         0.0    0.0      0.0
  SINCE MAR 1      T                         0.0    0.0      0.0
  SINCE JUL 1      4.1                       3.1    1.0      1.5
  SNOW DEPTH       0

DEGREE DAYS
 HEATING
  YESTERDAY        6                         3      3        0
  MONTH TO DATE  209                       108    101       30
  SINCE MAR 1    469                       455     14      277
  SINCE JUL 1   2883                      2843     40     1988

 COOLING
  YESTERDAY        0                         3     -3        7
  MONTH TO DATE   13                        37    -24       80
  SINCE MAR 1     36                        54    -18      116
  SINCE JAN 1     52                        57     -5      137
..................................................................


WIND (MPH)
  HIGHEST WIND SPEED    22   HIGHEST WIND DIRECTION    SE (130)
  HIGHEST GUST SPEED    27   HIGHEST GUST DIRECTION    SE (120)
  AVERAGE WIND SPEED     6.6


SKY COVER
  POSSIBLE SUNSHINE  MM
  AVERAGE SKY COVER 0.2


WEATHER CONDITIONS
 THE FOLLOWING WEATHER WAS RECORDED YESTERDAY.
  HEAVY RAIN
  RAIN
  LIGHT RAIN
  FOG


RELATIVE HUMIDITY (PERCENT)
 HIGHEST    93          1100 PM
 LOWEST     41          1200 PM
 AVERAGE    67

..........................................................


THE PINE BLUFF CLIMATE NORMALS FOR TODAY
                         NORMAL    RECORD    YEAR
 MAXIMUM TEMPERATURE (F)   76        92      1925
 MINIMUM TEMPERATURE (F)   54        35      1931


SUNRISE AND SUNSET
APRIL 22 2018.........SUNRISE   628 AM CDT   SUNSET   745 PM CDT
APRIL 23 2018.........SUNRISE   627 AM CDT   SUNSET   746 PM CDT


-  INDICATES NEGATIVE NUMBERS.
R  INDICATES RECORD WAS SET OR TIED.
MM INDICATES DATA IS MISSING.
T  INDICATES TRACE AMOUNT.




$$
