000
CDUS41 KPBZ 202143
CLIPHD


CLIMATE REPORT
NATIONAL WEATHER SERVICE PITTSBURGH PA
541 PM EDT FRI APR 20 2018


...................................

...THE NEW PHILADELPHIA OH CLIMATE SUMMARY FOR APRIL 20 2018...
VALID TODAY AS OF 0500 PM LOCAL TIME.

CLIMATE NORMAL PERIOD 1981 TO 2010
CLIMATE RECORD PERIOD 1948 TO 2018


WEATHER ITEM   OBSERVED TIME   RECORD YEAR NORMAL DEPARTURE LAST
                VALUE   (LST)  VALUE       VALUE  FROM      YEAR
                                                  NORMAL
..................................................................
TEMPERATURE (F)
 TODAY
  MAXIMUM         55    325 PM  84    1985  65    -10       82
                                      1976
  MINIMUM         26    554 AM  24    1997  40    -14       57
                                      1988
  AVERAGE         41                        52    -11       70

PRECIPITATION (IN)
  TODAY            0.00          1.46 1963   0.11  -0.11     0.29
  MONTH TO DATE    4.14                      2.23   1.91     2.80
  SINCE JUN 1     34.54                     33.53   1.01    34.05
  SINCE JAN 1     14.02                     10.23   3.79    13.47

DEGREE DAYS
 HEATING
  TODAY           24                        13     11        0
  MONTH TO DATE  423                       317    106      208
  SINCE MAR 1   1323                      1096    227      961
  SINCE JUL 1   5413                      5303    110     4458

 COOLING
  TODAY            0                         0      0        5
  MONTH TO DATE    8                         0      8       16
  SINCE MAR 1      8                         1      7       16
  SINCE JAN 1     13                         1     12       16
..................................................................


WIND (MPH)
  HIGHEST WIND SPEED    16   HIGHEST WIND DIRECTION    NW (320)
  HIGHEST GUST SPEED    24   HIGHEST GUST DIRECTION    NW (330)
  AVERAGE WIND SPEED     5.6


SKY COVER
  POSSIBLE SUNSHINE  MM
  AVERAGE SKY COVER 0.0


WEATHER CONDITIONS
 THE FOLLOWING WEATHER WAS RECORDED TODAY.
  NO SIGNIFICANT WEATHER WAS OBSERVED.


RELATIVE HUMIDITY (PERCENT)
 HIGHEST    85           700 AM
 LOWEST     28           400 PM
 AVERAGE    57

..........................................................


THE NEW PHILADELPHIA OH CLIMATE NORMALS FOR TOMORROW
                         NORMAL    RECORD    YEAR
 MAXIMUM TEMPERATURE (F)   65        85      1985
                                             1977
 MINIMUM TEMPERATURE (F)   40        25      1997
                                             1981


SUNRISE AND SUNSET
APRIL 20 2018.........SUNRISE   640 AM EDT   SUNSET   810 PM EDT
APRIL 21 2018.........SUNRISE   638 AM EDT   SUNSET   811 PM EDT


-  INDICATES NEGATIVE NUMBERS.
R  INDICATES RECORD WAS SET OR TIED.
MM INDICATES DATA IS MISSING.
T  INDICATES TRACE AMOUNT.




$$
