000
CDUS41 KPHI 192145
CLIPHL


CLIMATE REPORT
NATIONAL WEATHER SERVICE MOUNT HOLLY NJ
543 PM EDT THU APR 19 2018


...................................

...THE PHILADELPHIA PA CLIMATE SUMMARY FOR APRIL 19 2018...
VALID TODAY AS OF 0500 PM LOCAL TIME.

CLIMATE NORMAL PERIOD 1981 TO 2010
CLIMATE RECORD PERIOD 1872 TO 2018


WEATHER ITEM   OBSERVED TIME   RECORD YEAR NORMAL DEPARTURE LAST
                VALUE   (LST)  VALUE       VALUE  FROM      YEAR
                                                  NORMAL
..................................................................
TEMPERATURE (F)
 TODAY
  MAXIMUM         51    801 AM  91    1896  65    -14       63
  MINIMUM         45    209 PM  20    1875  45      0       45
  AVERAGE         48                        55     -7       54

PRECIPITATION (IN)
  TODAY            T             1.44 1943   0.11  -0.11     0.00
  MONTH TO DATE    3.13                      2.32   0.81     1.99
  SINCE MAR 1      7.87                      6.11   1.76     6.25
  SINCE JAN 1     16.74                     11.79   4.95    10.46

SNOWFALL (IN)
  TODAY            0.0           1.3  1983   0.0    0.0      0.0
  MONTH TO DATE    T                         0.4   -0.4      0.0
  SINCE MAR 1     15.2                       3.3   11.9      7.0
  SINCE JUL 1     29.8                      22.3    7.5     15.0
  SNOW DEPTH       0

DEGREE DAYS
 HEATING
  TODAY           17                        10      7       11
  MONTH TO DATE  318                       251     67      147
  SINCE MAR 1   1081                       916    165      850
  SINCE JUL 1   4241                      4398   -157     3676

 COOLING
  TODAY            0                         1     -1        0
  MONTH TO DATE    8                         1      7       12
  SINCE MAR 1      8                         2      6       12
  SINCE JAN 1      8                         2      6       12
..................................................................


WIND (MPH)
  HIGHEST WIND SPEED    25   HIGHEST WIND DIRECTION    NW (310)
  HIGHEST GUST SPEED    33   HIGHEST GUST DIRECTION     W (290)
  AVERAGE WIND SPEED    10.3


SKY COVER
  POSSIBLE SUNSHINE  MM
  AVERAGE SKY COVER 1.0


WEATHER CONDITIONS
 THE FOLLOWING WEATHER WAS RECORDED TODAY.
  LIGHT RAIN


RELATIVE HUMIDITY (PERCENT)
 HIGHEST    76           300 AM
 LOWEST     53           400 PM
 AVERAGE    65

..........................................................


THE PHILADELPHIA PA CLIMATE NORMALS FOR TOMORROW
                         NORMAL    RECORD    YEAR
 MAXIMUM TEMPERATURE (F)   66        92      1941
 MINIMUM TEMPERATURE (F)   46        27      1897


SUNRISE AND SUNSET
APRIL 19 2018.........SUNRISE   617 AM EDT   SUNSET   743 PM EDT
APRIL 20 2018.........SUNRISE   616 AM EDT   SUNSET   744 PM EDT


-  INDICATES NEGATIVE NUMBERS.
R  INDICATES RECORD WAS SET OR TIED.
MM INDICATES DATA IS MISSING.
T  INDICATES TRACE AMOUNT.




$$
