000
CDUS45 KPSR 200820
CLIPHX

CLIMATE REPORT
NATIONAL WEATHER SERVICE PHOENIX AZ
120 AM MST FRI APR 20 2018


...................................

...THE PHOENIX AZ CLIMATE SUMMARY FOR APRIL 19 2018...

CLIMATE NORMAL PERIOD 1981 TO 2010
CLIMATE RECORD PERIOD 1895 TO 2018


WEATHER ITEM   OBSERVED TIME   RECORD YEAR NORMAL DEPARTURE LAST
                VALUE   (LST)  VALUE       VALUE  FROM      YEAR
                                                  NORMAL
..................................................................
TEMPERATURE (F)
 YESTERDAY
  MAXIMUM         85    111 PM 103    1989  86     -1       90
  MINIMUM         58    616 AM  37    1968  61     -3       70
  AVERAGE         72                        74     -2       80

PRECIPITATION (IN)
  YESTERDAY        0.00          0.82 1951   0.01  -0.01     0.00
  MONTH TO DATE    0.00                      0.23  -0.23      T
  SINCE OCT 1      1.00                      5.16  -4.16     4.23
  SINCE JAN 1      0.77                      3.05  -2.28     2.40

SNOWFALL (IN)
  YESTERDAY        0.0
  MONTH TO DATE    0.0
  SINCE JAN 1      0.0
  SINCE JUL 1      0.0
  SNOW DEPTH       0

DEGREE DAYS
 HEATING
  YESTERDAY        0                         0      0        0
  MONTH TO DATE    0                        17    -17        2
  SINCE MAR 1     35                        98    -63       25
  SINCE JUL 1    499                       931   -432      693

 COOLING
  YESTERDAY        7                         9     -2       15
  MONTH TO DATE  214                       132     82      176
  SINCE MAR 1    314                       219     95      381
  SINCE JAN 1    336                       236    100      401
..................................................................


WIND (MPH)
  HIGHEST WIND SPEED    30   HIGHEST WIND DIRECTION     W (280)
  HIGHEST GUST SPEED    36   HIGHEST GUST DIRECTION     W (270)
  AVERAGE WIND SPEED    11.0


SKY COVER
  AVERAGE SKY COVER 0.4


WEATHER CONDITIONS
 THE FOLLOWING WEATHER WAS RECORDED YESTERDAY.
  NO SIGNIFICANT WEATHER WAS OBSERVED.


RELATIVE HUMIDITY (PERCENT)
 HIGHEST    31          1100 PM
 LOWEST      8           100 PM
 AVERAGE    20

..........................................................


THE PHOENIX AZ CLIMATE NORMALS FOR TODAY
                         NORMAL    RECORD    YEAR
 MAXIMUM TEMPERATURE (F)   87       105      1989
 MINIMUM TEMPERATURE (F)   61        38      1933


SUNRISE AND SUNSET
APRIL 20 2018.........SUNRISE   552 AM MST   SUNSET   703 PM MST
APRIL 21 2018.........SUNRISE   551 AM MST   SUNSET   703 PM MST


-  INDICATES NEGATIVE NUMBERS.
R  INDICATES RECORD WAS SET OR TIED.
MM INDICATES DATA IS MISSING.
T  INDICATES TRACE AMOUNT.

&&
.....................................................................

DEW POINT
  HIGHEST DEW POINT    33
   LOWEST DEW POINT    14
  AVERAGE DEW POINT    23
.....................................................................

$$
