000
CDUS44 KMOB 240645
CLIPNS


CLIMATE REPORT
NATIONAL WEATHER SERVICE MOBILE AL
145 AM CDT TUE APR 24 2018


...................................

...THE PENSACOLA CLIMATE SUMMARY FOR APRIL 23 2018...

CLIMATE NORMAL PERIOD 1981 TO 2010
CLIMATE RECORD PERIOD 1879 TO 2018


WEATHER ITEM   OBSERVED TIME   RECORD YEAR NORMAL DEPARTURE LAST
                VALUE   (LST)  VALUE       VALUE  FROM      YEAR
                                                  NORMAL
..................................................................
TEMPERATURE (F)
 YESTERDAY
  MAXIMUM         77   1237 PM  87    1987  77      0       75
                                      1963
  MINIMUM         58   1159 PM  45    1993  60     -2       57
  AVERAGE         68                        68      0       66

PRECIPITATION (IN)
  YESTERDAY        0.00          1.47 1983   0.12  -0.12     0.29
  MONTH TO DATE    3.99                      3.40   0.59     3.28
  SINCE MAR 1      6.01                      9.21  -3.20     5.64
  SINCE JAN 1     19.31                     18.90   0.41    20.99

DEGREE DAYS
 HEATING
  YESTERDAY        0                         1     -1        0
  MONTH TO DATE   46                        47     -1        8
  SINCE MAR 1    170                       223    -53      100
  SINCE JUL 1   1193                      1531   -338      633

 COOLING
  YESTERDAY        3                         4     -1        1
  MONTH TO DATE   64                        65     -1      140
  SINCE MAR 1    128                        98     30      268
  SINCE JAN 1    226                       112    114      378
..................................................................


WIND (MPH)
  HIGHEST WIND SPEED    22   HIGHEST WIND DIRECTION    SW (210)
  HIGHEST GUST SPEED    27   HIGHEST GUST DIRECTION     W (250)
  AVERAGE WIND SPEED     9.9


SKY COVER
  POSSIBLE SUNSHINE  MM
  AVERAGE SKY COVER 0.4


WEATHER CONDITIONS
 THE FOLLOWING WEATHER WAS RECORDED YESTERDAY.
  FOG


RELATIVE HUMIDITY (PERCENT)
 HIGHEST    93           500 AM
 LOWEST     43           100 PM
 AVERAGE    68

..........................................................


THE PENSACOLA CLIMATE NORMALS FOR TODAY
                         NORMAL    RECORD    YEAR
 MAXIMUM TEMPERATURE (F)   78        89      1992
                                             1991
                                             1962
 MINIMUM TEMPERATURE (F)   60        45      2012
                                             1884


SUNRISE AND SUNSET
APRIL 24 2018.........SUNRISE   612 AM CDT   SUNSET   722 PM CDT
APRIL 25 2018.........SUNRISE   611 AM CDT   SUNSET   723 PM CDT


-  INDICATES NEGATIVE NUMBERS.
R  INDICATES RECORD WAS SET OR TIED.
MM INDICATES DATA IS MISSING.
T  INDICATES TRACE AMOUNT.




$$
