545
CDUS41 KALY 260624
CLIPOU


CLIMATE REPORT
NATIONAL WEATHER SERVICE ALBANY NY
222 AM EDT THU APR 26 2018


...................................

...THE POUGHKEEPSIE NY CLIMATE SUMMARY FOR APRIL 25 2018...

CLIMATE NORMAL PERIOD 1981 TO 2010
CLIMATE RECORD PERIOD 1931 TO 2018


WEATHER ITEM   OBSERVED TIME   RECORD YEAR NORMAL DEPARTURE LAST
                VALUE   (LST)  VALUE       VALUE  FROM      YEAR
                                                  NORMAL
..................................................................
TEMPERATURE (F)
 YESTERDAY
  MAXIMUM         60    529 PM  90    2009  65     -5       57
  MINIMUM         49    454 AM  23    1956  40      9       48
  AVERAGE         55                        52      3       53

PRECIPITATION (IN)
  YESTERDAY        0.34          1.82 1945   0.12   0.22     0.33
  MONTH TO DATE    2.63                      3.13  -0.50     2.35
  SINCE MAR 1      4.86                      6.70  -1.84     7.66
  SINCE JAN 1     12.22                     12.44  -0.22    12.53

DEGREE DAYS
 HEATING
  YESTERDAY       10                        13     -3       12
  MONTH TO DATE  570                       433    137      345
  SINCE MAR 1   1418                      1307    111     1340
  SINCE JUL 1   5730                      5878   -148     5382

 COOLING
  YESTERDAY        0                         0      0        0
  MONTH TO DATE    0                         0      0        4
  SINCE MAR 1      0                         0      0        4
  SINCE JAN 1      0                         0      0        4
..................................................................


WIND (MPH)
  HIGHEST WIND SPEED     8   HIGHEST WIND DIRECTION     E (90)
  HIGHEST GUST SPEED    11   HIGHEST GUST DIRECTION    NE (40)
  AVERAGE WIND SPEED     4.2


SKY COVER
  AVERAGE SKY COVER 1.0



RELATIVE HUMIDITY (PERCENT)
 HIGHEST    93           100 AM
 LOWEST     86          1200 AM
 AVERAGE    90

..........................................................


THE POUGHKEEPSIE NY CLIMATE NORMALS FOR TODAY
                         NORMAL    RECORD    YEAR
 MAXIMUM TEMPERATURE (F)   65        90      2009
                                             1990
 MINIMUM TEMPERATURE (F)   40        26      1963


SUNRISE AND SUNSET
APRIL 26 2018.........SUNRISE   559 AM EDT   SUNSET   748 PM EDT
APRIL 27 2018.........SUNRISE   558 AM EDT   SUNSET   749 PM EDT


-  INDICATES NEGATIVE NUMBERS.
R  INDICATES RECORD WAS SET OR TIED.
MM INDICATES DATA IS MISSING.
T  INDICATES TRACE AMOUNT.




$$
