000
CDUS46 KLOX 230915
CLIPRB


CLIMATE REPORT
NATIONAL WEATHER SERVICE LOS ANGELES/OXNARD CA
215 AM PDT WED MAY 23 2018


...................................

...THE PASO ROBLES AIRPORT CA CLIMATE SUMMARY FOR MAY 22 2018...

CLIMATE NORMAL PERIOD 1981 TO 2010
CLIMATE RECORD PERIOD 1948 TO 2018


WEATHER ITEM   OBSERVED TIME   RECORD YEAR NORMAL DEPARTURE LAST
                VALUE   (LST)  VALUE       VALUE  FROM      YEAR
                                                  NORMAL
..................................................................
TEMPERATURE (F)
 YESTERDAY
  MAXIMUM         71    226 PM 108    2000  82    -11       99
  MINIMUM         50   1226 AM  37    1989  47      3       50
  AVERAGE         61                        64     -3       75

PRECIPITATION (IN)
  YESTERDAY        0.00          0.37 1958   0.00   0.00     0.00
  MONTH TO DATE    0.00                      0.22  -0.22     0.18
  SINCE OCT 1      9.62                     12.39  -2.77    16.14
  SINCE JAN 1      9.35                      8.73   0.62    12.46

SNOWFALL (IN)
  YESTERDAY        0.0
  MONTH TO DATE    0.0
  SINCE MAR 1      0.0
  SINCE JUL 1      0.0

DEGREE DAYS
 HEATING
  YESTERDAY        4                         3      1        0
  MONTH TO DATE   74                        88    -14       61
  SINCE MAR 1    611                       707    -96      512
  SINCE JUL 1   2312                      2800   -488     2313

 COOLING
  YESTERDAY        0                         2     -2       10
  MONTH TO DATE   25                        34     -9       61
  SINCE MAR 1     29                        43    -14       62
  SINCE JAN 1     29                        43    -14       62
..................................................................


WIND (MPH)
  HIGHEST WIND SPEED    28   HIGHEST WIND DIRECTION    SW (210)
  HIGHEST GUST SPEED    32   HIGHEST GUST DIRECTION     S (200)
  AVERAGE WIND SPEED     9.3


SKY COVER
  POSSIBLE SUNSHINE  MM
  AVERAGE SKY COVER 0.4


WEATHER CONDITIONS
 THE FOLLOWING WEATHER WAS RECORDED YESTERDAY.
  HAZE


RELATIVE HUMIDITY (PERCENT)
 HIGHEST    89           100 AM
 LOWEST     47           200 PM
 AVERAGE    68

..........................................................


THE PASO ROBLES AIRPORT CA CLIMATE NORMALS FOR TODAY
                         NORMAL    RECORD    YEAR
 MAXIMUM TEMPERATURE (F)   82       103      2000
 MINIMUM TEMPERATURE (F)   47        36      1960


SUNRISE AND SUNSET
MAY 23 2018...........SUNRISE   552 AM PDT   SUNSET   807 PM PDT
MAY 24 2018...........SUNRISE   551 AM PDT   SUNSET   808 PM PDT


-  INDICATES NEGATIVE NUMBERS.
R  INDICATES RECORD WAS SET OR TIED.
MM INDICATES DATA IS MISSING.
T  INDICATES TRACE AMOUNT.




$$
