000
CDUS46 KPDT 260837 RRA
CLIPSC

CLIMATE REPORT
NATIONAL WEATHER SERVICE PENDLETON OR
135 AM PDT THU APR 26 2018


...................................

...THE PASCO WA CLIMATE SUMMARY FOR APRIL 25 2018...

CLIMATE NORMAL PERIOD 1981 TO 2010
CLIMATE RECORD PERIOD 1948 TO 2018


WEATHER ITEM   OBSERVED TIME   RECORD YEAR NORMAL DEPARTURE LAST
                VALUE   (LST)  VALUE       VALUE  FROM      YEAR
                                                  NORMAL
..................................................................
TEMPERATURE (F)
 YESTERDAY
  MAXIMUM         80    459 PM  95    1910  70     10       66
  MINIMUM         40    519 AM  28    1955  39      1       45
  AVERAGE         60                        55      5       56

PRECIPITATION (IN)
  YESTERDAY        0.00          0.16 2011   0.01  -0.01     0.06
  MONTH TO DATE    1.05                      0.55   0.50     0.97
  SINCE OCT 1      5.63                      6.37  -0.74     8.74
  SINCE JAN 1      2.91                      3.42  -0.51     4.97

SNOWFALL (IN)
  YESTERDAY        0.0
  SNOW DEPTH       0

DEGREE DAYS
 HEATING
  YESTERDAY        5                        10     -5        9
  MONTH TO DATE  313                       314     -1      311
  SINCE MAR 1    947                       892     55      844
  SINCE JUL 1   4650                      4775   -125     5166

 COOLING
  YESTERDAY        0                         0      0        0
  MONTH TO DATE    0                         0      0        0
  SINCE MAR 1      0                         0      0        0
  SINCE JAN 1      0                         0      0        0
..................................................................


WIND (MPH)
  RESULTANT WIND SPEED   2   RESULTANT WIND DIRECTION   N (10)
  HIGHEST WIND SPEED     9   HIGHEST WIND DIRECTION     N (340)
  HIGHEST GUST SPEED    11   HIGHEST GUST DIRECTION    NE (30)


SKY COVER
  POSSIBLE SUNSHINE  MM
  AVERAGE SKY COVER 0.0


WEATHER CONDITIONS
 THE FOLLOWING WEATHER WAS RECORDED YESTERDAY.
  NO SIGNIFICANT WEATHER WAS OBSERVED.


RELATIVE HUMIDITY (PERCENT)
 HIGHEST    92
 LOWEST     20
 AVERAGE    56

..........................................................


THE PASCO WA CLIMATE NORMALS FOR TODAY
                         NORMAL    RECORD    YEAR
 MAXIMUM TEMPERATURE (F)   70        89      1926
                                             1904
 MINIMUM TEMPERATURE (F)   40        26      2008


SUNRISE AND SUNSET
APRIL 26 2018.........SUNRISE   551 AM PDT   SUNSET   759 PM PDT
APRIL 27 2018.........SUNRISE   549 AM PDT   SUNSET   800 PM PDT


-  INDICATES NEGATIVE NUMBERS.
R  INDICATES RECORD WAS SET OR TIED.
MM INDICATES DATA IS MISSING.
T  INDICATES TRACE AMOUNT.




$$
