000
CDUS45 KPUB 270020
CLIPUB


CLIMATE REPORT
NATIONAL WEATHER SERVICE PUEBLO
620 PM MDT SAT MAY 26 2018


...................................

...THE PUEBLO CO CLIMATE SUMMARY FOR MAY 26 2018...
VALID TODAY AS OF 0500 PM LOCAL TIME.

CLIMATE NORMAL PERIOD 1981 TO 2010
CLIMATE RECORD PERIOD 1888 TO 2018


WEATHER ITEM   OBSERVED TIME   RECORD YEAR NORMAL DEPARTURE LAST
                VALUE   (LST)  VALUE       VALUE  FROM      YEAR
                                                  NORMAL
..................................................................
TEMPERATURE (F)
 TODAY
  MAXIMUM         98R   125 PM  97    2012  80     18       84
  MINIMUM         53    240 AM  35    1950  47      6       49
  AVERAGE         76                        64     12       67

PRECIPITATION (IN)
  TODAY            0.00          1.60 2010   0.05  -0.05      T
  MONTH TO DATE    0.45                      1.27  -0.82     2.93
  SINCE MAR 1      1.00                      3.60  -2.60     8.07
  SINCE JAN 1      1.81                      4.25  -2.44     8.99

SNOWFALL (IN)
  TODAY            0.0           0.0  2010   0.0    0.0      0.0
  MONTH TO DATE    T                         0.5   -0.5       T
  SINCE MAR 1      T                        10.0  -10.0     14.0
  SINCE JUL 1     13.7                      31.8  -18.1     28.2
  SNOW DEPTH       0

DEGREE DAYS
 HEATING
  TODAY            0                         3     -3        0
  MONTH TO DATE   49                       159   -110      179
  SINCE MAR 1   1060                      1296   -236     1023
  SINCE JUL 1   4876                      5599   -723     4523

 COOLING
  TODAY           11                         2      9        2
  MONTH TO DATE   90                        20     70        9
  SINCE MAR 1     96                        22     74        9
  SINCE JAN 1     96                        22     74        9
..................................................................


WIND (MPH)
  HIGHEST WIND SPEED    24   HIGHEST WIND DIRECTION     W (250)
  HIGHEST GUST SPEED    32   HIGHEST GUST DIRECTION     W (250)
  AVERAGE WIND SPEED     7.3


SKY COVER
  POSSIBLE SUNSHINE  MM
  AVERAGE SKY COVER 0.0


WEATHER CONDITIONS
 THE FOLLOWING WEATHER WAS RECORDED TODAY.
  NO SIGNIFICANT WEATHER WAS OBSERVED.


RELATIVE HUMIDITY (PERCENT)
 HIGHEST    66           500 AM
 LOWEST      6           200 PM
 AVERAGE    36

..........................................................


THE PUEBLO CO CLIMATE NORMALS FOR TOMORROW
                         NORMAL    RECORD    YEAR
 MAXIMUM TEMPERATURE (F)   80        95      2006
 MINIMUM TEMPERATURE (F)   48        34      1997


SUNRISE AND SUNSET
MAY 26 2018...........SUNRISE   539 AM MDT   SUNSET   811 PM MDT
MAY 27 2018...........SUNRISE   539 AM MDT   SUNSET   812 PM MDT


-  INDICATES NEGATIVE NUMBERS.
R  INDICATES RECORD WAS SET OR TIED.
MM INDICATES DATA IS MISSING.
T  INDICATES TRACE AMOUNT.




$$
