000
CDUS41 KBOX 200528
CLIPVD


CLIMATE REPORT
NATIONAL WEATHER SERVICE BOSTON/NORTON MA
127 AM EDT FRI APR 20 2018


...................................

...THE PROVIDENCE RI CLIMATE SUMMARY FOR APRIL 19 2018...

CLIMATE NORMAL PERIOD 1981 TO 2010
CLIMATE RECORD PERIOD 1904 TO 2018


WEATHER ITEM   OBSERVED TIME   RECORD YEAR NORMAL DEPARTURE LAST
                VALUE   (LST)  VALUE       VALUE  FROM      YEAR
                                                  NORMAL
..................................................................
TEMPERATURE (F)
 YESTERDAY
  MAXIMUM         46    456 PM  98    1976  60    -14       49
  MINIMUM         38   1159 PM  26    1926  41     -3       36
  AVERAGE         42                        50     -8       43

PRECIPITATION (IN)
  YESTERDAY        0.44          2.36 1983   0.13   0.31     0.02
  MONTH TO DATE    3.53                      2.92   0.61     3.89
  SINCE MAR 1      8.38                      7.93   0.45     7.74
  SINCE JAN 1     20.32                     15.08   5.24    14.92

SNOWFALL (IN)
  YESTERDAY        0.0           T    1997   0.0    0.0      0.0
  MONTH TO DATE    3.6                       0.5    3.1       T
  SINCE MAR 1     16.7                       6.0   10.7      7.7
  SINCE JUL 1     50.6                      33.7   16.9     45.9
  SNOW DEPTH       0

DEGREE DAYS
 HEATING
  YESTERDAY       23                        15      8       22
  MONTH TO DATE  424                       338     86      271
  SINCE MAR 1   1234                      1147     87     1191
  SINCE JUL 1   4897                      5209   -312     4749

 COOLING
  YESTERDAY        0                         0      0        0
  MONTH TO DATE    0                         0      0        7
  SINCE MAR 1      0                         0      0        7
  SINCE JAN 1      0                         0      0        7
..................................................................


WIND (MPH)
  RESULTANT WIND SPEED   5   RESULTANT WIND DIRECTION  NW (310)
  HIGHEST WIND SPEED    18   HIGHEST WIND DIRECTION    NW (310)
  HIGHEST GUST SPEED    25   HIGHEST GUST DIRECTION    NW (320)
  AVERAGE WIND SPEED     7.7


SKY COVER
  POSSIBLE SUNSHINE  MM
  AVERAGE SKY COVER 0.9


WEATHER CONDITIONS
 THE FOLLOWING WEATHER WAS RECORDED YESTERDAY.
  RAIN
  LIGHT RAIN
  FOG


RELATIVE HUMIDITY (PERCENT)
 HIGHEST   100           600 AM
 LOWEST     70          1200 AM
 AVERAGE    85

..........................................................


THE PROVIDENCE RI CLIMATE NORMALS FOR TODAY
                         NORMAL    RECORD    YEAR
 MAXIMUM TEMPERATURE (F)   60        89      1976
 MINIMUM TEMPERATURE (F)   41        24      1926


SUNRISE AND SUNSET
APRIL 20 2018.........SUNRISE   558 AM EDT   SUNSET   732 PM EDT
APRIL 21 2018.........SUNRISE   556 AM EDT   SUNSET   733 PM EDT


-  INDICATES NEGATIVE NUMBERS.
R  INDICATES RECORD WAS SET OR TIED.
MM INDICATES DATA IS MISSING.
T  INDICATES TRACE AMOUNT.




$$
