000
CDUS41 KGYX 260805
CLIPWM


CLIMATE REPORT
NATIONAL WEATHER SERVICE GRAY ME
405 AM EDT SAT MAY 26 2018


...................................

...THE PORTLAND ME CLIMATE SUMMARY FOR MAY 25 2018...

CLIMATE NORMAL PERIOD 1981 TO 2010
CLIMATE RECORD PERIOD 1941 TO 2018


WEATHER ITEM   OBSERVED TIME   RECORD YEAR NORMAL DEPARTURE LAST
                VALUE   (LST)  VALUE       VALUE  FROM      YEAR
                                                  NORMAL
..................................................................
TEMPERATURE (F)
 YESTERDAY
  MAXIMUM         88    158 PM  92    2007  66     22       57
  MINIMUM         50    428 AM  27    1956  47      3       47
  AVERAGE         69                        57     12       52

PRECIPITATION (IN)
  YESTERDAY        0.00          2.74 1894   0.13  -0.13     1.03
  MONTH TO DATE    0.75                      3.24  -2.49     3.66
  SINCE MAR 1      9.78                     11.80  -2.02    13.56
  SINCE JAN 1     17.41                     18.43  -1.02    21.76

SNOWFALL (IN)
  YESTERDAY        0.0           0.0  2002   0.0    0.0      0.0
                                      2001
                                      2000
  MONTH TO DATE    0.0                       0.1   -0.1      0.0
  SINCE MAR 1     33.7                      15.6   18.1     29.1
  SINCE JUL 1     91.9                      62.0   29.9     95.3
  SNOW DEPTH       0

DEGREE DAYS
 HEATING
  YESTERDAY        0                         9     -9       13
  MONTH TO DATE  220                       306    -86      309
  SINCE MAR 1   1866                      1912    -46     1967
  SINCE JUL 1   6570                      6954   -384     6445

 COOLING
  YESTERDAY        4                         0      4        0
  MONTH TO DATE    9                         0      9       15
  SINCE MAR 1      9                         0      9       17
  SINCE JAN 1      9                         0      9       17
..................................................................


WIND (MPH)
  RESULTANT WIND SPEED   6   RESULTANT WIND DIRECTION  SW (240)
  HIGHEST WIND SPEED    21   HIGHEST WIND DIRECTION     W (280)
  HIGHEST GUST SPEED    31   HIGHEST GUST DIRECTION     W (290)
  AVERAGE WIND SPEED     8.6


SKY COVER
  AVERAGE SKY COVER 0.5


WEATHER CONDITIONS
 THE FOLLOWING WEATHER WAS RECORDED YESTERDAY.
  NO SIGNIFICANT WEATHER WAS OBSERVED.


RELATIVE HUMIDITY (PERCENT)
 HIGHEST    89          1200 AM
 LOWEST     26           200 PM
 AVERAGE    58

..........................................................


THE PORTLAND ME CLIMATE NORMALS FOR TODAY
                         NORMAL    RECORD    YEAR
 MAXIMUM TEMPERATURE (F)   67        91      2015
                                             2010
 MINIMUM TEMPERATURE (F)   47        30      1949


SUNRISE AND SUNSET
MAY 26 2018...........SUNRISE   506 AM EDT   SUNSET   811 PM EDT
MAY 27 2018...........SUNRISE   506 AM EDT   SUNSET   812 PM EDT


-  INDICATES NEGATIVE NUMBERS.
R  INDICATES RECORD WAS SET OR TIED.
MM INDICATES DATA IS MISSING.
T  INDICATES TRACE AMOUNT.




$$
